CRAN Package Check Results for Package partR2

Last updated on 2025-10-23 11:50:22 CEST.

Flavor Version Tinstall Tcheck Ttotal Status Flags
r-devel-linux-x86_64-debian-clang 0.9.2 2.89 165.51 168.40 NOTE
r-devel-linux-x86_64-debian-gcc 0.9.2 2.44 117.60 120.04 OK
r-devel-linux-x86_64-fedora-clang 0.9.2 246.74 NOTE
r-devel-linux-x86_64-fedora-gcc 0.9.2 262.31 NOTE
r-devel-windows-x86_64 0.9.2 5.00 183.00 188.00 OK
r-patched-linux-x86_64 0.9.2 3.02 159.07 162.09 OK
r-release-linux-x86_64 0.9.2 2.98 158.78 161.76 OK
r-release-macos-arm64 0.9.2 2.00 77.00 79.00 OK
r-release-macos-x86_64 0.9.2 3.00 163.00 166.00 OK
r-release-windows-x86_64 0.9.2 6.00 181.00 187.00 OK
r-oldrel-macos-arm64 0.9.2 2.00 75.00 77.00 OK
r-oldrel-macos-x86_64 0.9.2 3.00 108.00 111.00 OK
r-oldrel-windows-x86_64 0.9.2 7.00 230.00 237.00 OK

Check Details

Version: 0.9.2
Check: HTML version of manual
Result: NOTE Found the following HTML validation problems: forestplot.html:69:1 (forestplot.Rd:25): Warning: missing </ul> before </div> get_ran_var.html:53:1 (get_ran_var.Rd:12): Warning: missing </ul> before </div> Flavor: r-devel-linux-x86_64-debian-clang

Version: 0.9.2
Check: dependencies in R code
Result: NOTE Namespace in Imports field not imported from: ‘methods’ All declared Imports should be used. Flavors: r-devel-linux-x86_64-fedora-clang, r-devel-linux-x86_64-fedora-gcc

These binaries (installable software) and packages are in development.
They may not be fully stable and should be used with caution. We make no claims about them.