Last updated on 2025-05-01 12:49:36 CEST.
Flavor | Version | Tinstall | Tcheck | Ttotal | Status | Flags |
---|---|---|---|---|---|---|
r-devel-linux-x86_64-debian-clang | 0.9.2 | 4.41 | 160.19 | 164.60 | NOTE | |
r-devel-linux-x86_64-debian-gcc | 0.9.2 | 2.82 | 112.00 | 114.82 | OK | |
r-devel-linux-x86_64-fedora-clang | 0.9.2 | 272.91 | NOTE | |||
r-devel-linux-x86_64-fedora-gcc | 0.9.2 | 269.26 | NOTE | |||
r-devel-windows-x86_64 | 0.9.2 | 7.00 | 176.00 | 183.00 | OK | |
r-patched-linux-x86_64 | 0.9.2 | 4.34 | 155.09 | 159.43 | OK | |
r-release-linux-x86_64 | OK | |||||
r-release-macos-arm64 | 0.9.2 | 79.00 | OK | |||
r-release-macos-x86_64 | 0.9.2 | 166.00 | OK | |||
r-release-windows-x86_64 | 0.9.2 | 7.00 | 177.00 | 184.00 | OK | |
r-oldrel-macos-arm64 | 0.9.2 | 77.00 | OK | |||
r-oldrel-macos-x86_64 | 0.9.2 | 111.00 | OK | |||
r-oldrel-windows-x86_64 | 0.9.2 | 7.00 | 223.00 | 230.00 | OK |
Version: 0.9.2
Check: examples
Result: NOTE
Examples with CPU (user + system) or elapsed time > 5s
user system elapsed
partR2 5.905 0.109 7.322
mergeR2 4.166 0.277 5.955
Flavor: r-devel-linux-x86_64-debian-clang
Version: 0.9.2
Check: dependencies in R code
Result: NOTE
Namespace in Imports field not imported from: ‘methods’
All declared Imports should be used.
Flavors: r-devel-linux-x86_64-fedora-clang, r-devel-linux-x86_64-fedora-gcc
These binaries (installable software) and packages are in development.
They may not be fully stable and should be used with caution. We make no claims about them.