Last updated on 2025-05-01 12:49:36 CEST.
Flavor | Version | Tinstall | Tcheck | Ttotal | Status | Flags |
---|---|---|---|---|---|---|
r-devel-linux-x86_64-debian-clang | 0.2.4 | 21.85 | 114.77 | 136.62 | NOTE | |
r-devel-linux-x86_64-debian-gcc | 0.2.4 | 15.25 | 77.43 | 92.68 | NOTE | |
r-devel-linux-x86_64-fedora-clang | 0.2.4 | 213.61 | NOTE | |||
r-devel-linux-x86_64-fedora-gcc | 0.2.4 | 214.06 | NOTE | |||
r-devel-windows-x86_64 | 0.2.4 | 28.00 | 123.00 | 151.00 | NOTE | |
r-patched-linux-x86_64 | 0.2.4 | 22.51 | 103.63 | 126.14 | NOTE | |
r-release-linux-x86_64 | NOTE | |||||
r-release-macos-arm64 | 0.2.4 | 60.00 | NOTE | |||
r-release-macos-x86_64 | 0.2.4 | 117.00 | OK | |||
r-release-windows-x86_64 | 0.2.4 | 30.00 | 128.00 | 158.00 | NOTE | |
r-oldrel-macos-arm64 | 0.2.4 | 70.00 | OK | |||
r-oldrel-macos-x86_64 | 0.2.4 | 109.00 | OK | |||
r-oldrel-windows-x86_64 | 0.2.4 | 33.00 | 147.00 | 180.00 | OK |
Version: 0.2.4
Check: DESCRIPTION meta-information
Result: NOTE
Missing dependency on R >= 4.1.0 because package code uses the pipe
|> or function shorthand \(...) syntax added in R 4.1.0.
File(s) using such syntax:
‘evolve.Rd’ ‘genesis.Rd’ ‘simulate.Rd’ ‘wield.Rd’
Flavors: r-devel-linux-x86_64-debian-clang, r-devel-linux-x86_64-debian-gcc, r-devel-linux-x86_64-fedora-clang, r-devel-linux-x86_64-fedora-gcc, r-devel-windows-x86_64, r-patched-linux-x86_64, r-release-linux-x86_64, r-release-macos-arm64, r-release-windows-x86_64
These binaries (installable software) and packages are in development.
They may not be fully stable and should be used with caution. We make no claims about them.