Last updated on 2025-05-21 17:52:21 CEST.
Flavor | Version | Tinstall | Tcheck | Ttotal | Status | Flags |
---|---|---|---|---|---|---|
r-devel-linux-x86_64-debian-clang | 0.2.2 | 68.91 | 249.51 | 318.42 | OK | |
r-devel-linux-x86_64-debian-gcc | 0.2.2 | 52.59 | 174.43 | 227.02 | OK | |
r-devel-linux-x86_64-fedora-clang | 0.2.2 | 539.79 | OK | |||
r-devel-linux-x86_64-fedora-gcc | 0.2.2 | 547.71 | OK | |||
r-devel-windows-x86_64 | 0.2.2 | 82.00 | 316.00 | 398.00 | OK | |
r-patched-linux-x86_64 | 0.2.2 | 72.89 | 233.90 | 306.79 | OK | |
r-release-linux-x86_64 | 0.2.2 | 66.77 | 234.71 | 301.48 | OK | |
r-release-macos-arm64 | 0.2.2 | 152.00 | OK | |||
r-release-macos-x86_64 | 0.2.2 | 275.00 | OK | |||
r-release-windows-x86_64 | 0.2.2 | 82.00 | 309.00 | 391.00 | OK | |
r-oldrel-macos-arm64 | 0.2.2 | 146.00 | NOTE | |||
r-oldrel-macos-x86_64 | 0.2.2 | 238.00 | NOTE | |||
r-oldrel-windows-x86_64 | 0.2.2 | 99.00 | 372.00 | 471.00 | OK |
Version: 0.2.2
Check: installed package size
Result: NOTE
installed size is 6.0Mb
sub-directories of 1Mb or more:
libs 4.0Mb
Flavors: r-oldrel-macos-arm64, r-oldrel-macos-x86_64
These binaries (installable software) and packages are in development.
They may not be fully stable and should be used with caution. We make no claims about them.