CRAN Package Check Results for Package partitionMetric

Last updated on 2025-11-11 15:50:42 CET.

Flavor Version Tinstall Tcheck Ttotal Status Flags
r-devel-linux-x86_64-debian-clang 1.1 1.58 19.06 20.64 NOTE
r-devel-linux-x86_64-debian-gcc 1.1 1.28 15.43 16.71 NOTE
r-devel-linux-x86_64-fedora-clang 1.1 29.70 OK
r-devel-linux-x86_64-fedora-gcc 1.1 29.06 OK
r-devel-windows-x86_64 1.1 2.00 34.00 36.00 OK
r-patched-linux-x86_64 1.1 1.66 18.03 19.69 OK
r-release-linux-x86_64 1.1 1.50 18.22 19.72 OK
r-release-macos-arm64 1.1 1.00 13.00 14.00 OK
r-release-macos-x86_64 1.1 1.00 24.00 25.00 OK
r-release-windows-x86_64 1.1 2.00 34.00 36.00 OK
r-oldrel-macos-arm64 1.1 1.00 13.00 14.00 OK
r-oldrel-macos-x86_64 1.1 1.00 19.00 20.00 OK
r-oldrel-windows-x86_64 1.1 3.00 35.00 38.00 OK

Check Details

Version: 1.1
Check: CRAN incoming feasibility
Result: NOTE Maintainer: ‘David Weisman <David.Weisman@acm.org>’ No Authors@R field in DESCRIPTION. Please add one, modifying Authors@R: c(person(given = "David", family = "Weisman", role = c("aut", "cre"), email = "david.weisman@acm.org"), person(given = "Dan", family = "Simovici", role = "aut")) as necessary. Flavors: r-devel-linux-x86_64-debian-clang, r-devel-linux-x86_64-debian-gcc

These binaries (installable software) and packages are in development.
They may not be fully stable and should be used with caution. We make no claims about them.