Last updated on 2025-05-01 12:49:36 CEST.
Flavor | Version | Tinstall | Tcheck | Ttotal | Status | Flags |
---|---|---|---|---|---|---|
r-devel-linux-x86_64-debian-clang | 1.2-23 | 15.16 | 286.99 | 302.15 | NOTE | |
r-devel-linux-x86_64-debian-gcc | 1.2-23 | 8.86 | 198.89 | 207.75 | OK | |
r-devel-linux-x86_64-fedora-clang | 1.2-23 | 491.70 | OK | |||
r-devel-linux-x86_64-fedora-gcc | 1.2-23 | 484.84 | OK | |||
r-devel-windows-x86_64 | 1.2-23 | 18.00 | 361.00 | 379.00 | OK | |
r-patched-linux-x86_64 | 1.2-23 | 16.44 | 273.28 | 289.72 | OK | |
r-release-linux-x86_64 | OK | |||||
r-release-macos-arm64 | 1.2-23 | 151.00 | OK | |||
r-release-macos-x86_64 | 1.2-23 | 299.00 | OK | |||
r-release-windows-x86_64 | 1.2-23 | 18.00 | 364.00 | 382.00 | OK | |
r-oldrel-macos-arm64 | 1.2-23 | 144.00 | OK | |||
r-oldrel-macos-x86_64 | 1.2-23 | 329.00 | OK | |||
r-oldrel-windows-x86_64 | 1.2-23 | 22.00 | 426.00 | 448.00 | OK |
Version: 1.2-23
Check: examples
Result: NOTE
Examples with CPU (user + system) or elapsed time > 5s
user system elapsed
prune.modelparty 3.925 0 5.203
Flavor: r-devel-linux-x86_64-debian-clang
These binaries (installable software) and packages are in development.
They may not be fully stable and should be used with caution. We make no claims about them.