CRAN Package Check Results for Package parzer

Last updated on 2025-05-08 04:52:13 CEST.

Flavor Version Tinstall Tcheck Ttotal Status Flags
r-devel-linux-x86_64-debian-clang 0.4.1 37.67 30.87 68.54 NOTE
r-devel-linux-x86_64-debian-gcc 0.4.1 28.78 24.76 53.54 NOTE
r-devel-linux-x86_64-fedora-clang 0.4.1 118.83 NOTE
r-devel-linux-x86_64-fedora-gcc 0.4.1 150.89 NOTE
r-devel-windows-x86_64 0.4.1 42.00 71.00 113.00 NOTE
r-patched-linux-x86_64 0.4.1 39.59 28.51 68.10 NOTE
r-release-linux-x86_64 0.4.1 38.01 28.72 66.73 NOTE
r-release-macos-arm64 0.4.1 38.00 NOTE
r-release-macos-x86_64 0.4.1 62.00 NOTE
r-release-windows-x86_64 0.4.1 43.00 74.00 117.00 NOTE
r-oldrel-macos-arm64 0.4.1 40.00 NOTE
r-oldrel-macos-x86_64 0.4.1 49.00 NOTE
r-oldrel-windows-x86_64 0.4.1 47.00 82.00 129.00 NOTE

Check Details

Version: 0.4.1
Check: C++ specification
Result: NOTE Specified C++11: please drop specification unless essential Flavors: r-devel-linux-x86_64-debian-clang, r-devel-linux-x86_64-debian-gcc, r-devel-linux-x86_64-fedora-clang, r-devel-linux-x86_64-fedora-gcc, r-devel-windows-x86_64, r-patched-linux-x86_64, r-release-linux-x86_64, r-release-macos-arm64, r-release-macos-x86_64, r-release-windows-x86_64, r-oldrel-macos-arm64, r-oldrel-macos-x86_64, r-oldrel-windows-x86_64

These binaries (installable software) and packages are in development.
They may not be fully stable and should be used with caution. We make no claims about them.