Last updated on 2025-10-23 23:49:39 CEST.
| Flavor | Version | Tinstall | Tcheck | Ttotal | Status | Flags |
|---|---|---|---|---|---|---|
| r-devel-linux-x86_64-debian-clang | 1.0 | 3.71 | 35.73 | 39.44 | NOTE | |
| r-devel-linux-x86_64-debian-gcc | 1.0 | 2.46 | 27.06 | 29.52 | NOTE | |
| r-devel-linux-x86_64-fedora-clang | 1.0 | 58.07 | OK | |||
| r-devel-linux-x86_64-fedora-gcc | 1.0 | 56.57 | OK | |||
| r-devel-windows-x86_64 | 1.0 | 5.00 | 57.00 | 62.00 | OK | |
| r-patched-linux-x86_64 | 1.0 | 3.72 | 33.92 | 37.64 | OK | |
| r-release-linux-x86_64 | 1.0 | 3.23 | 33.83 | 37.06 | OK | |
| r-release-macos-arm64 | 1.0 | 2.00 | 22.00 | 24.00 | OK | |
| r-release-macos-x86_64 | 1.0 | 4.00 | 44.00 | 48.00 | OK | |
| r-release-windows-x86_64 | 1.0 | 5.00 | 57.00 | 62.00 | OK | |
| r-oldrel-macos-arm64 | 1.0 | 2.00 | 21.00 | 23.00 | OK | |
| r-oldrel-macos-x86_64 | 1.0 | 4.00 | 40.00 | 44.00 | OK | |
| r-oldrel-windows-x86_64 | 1.0 | 6.00 | 64.00 | 70.00 | OK |
Version: 1.0
Check: CRAN incoming feasibility
Result: NOTE
Maintainer: ‘Donghwan Kim <donhkim9714@korea.ac.kr>’
No Authors@R field in DESCRIPTION.
Please add one, modifying
Authors@R: person(given = "Donghwan",
family = "Kim",
role = c("aut", "cre"),
email = "donhkim9714@korea.ac.kr")
as necessary.
Flavors: r-devel-linux-x86_64-debian-clang, r-devel-linux-x86_64-debian-gcc
These binaries (installable software) and packages are in development.
They may not be fully stable and should be used with caution. We make no claims about them.