Last updated on 2025-02-19 17:50:59 CET.
Flavor | Version | Tinstall | Tcheck | Ttotal | Status | Flags |
---|---|---|---|---|---|---|
r-devel-linux-x86_64-debian-clang | 2.1.0 | 26.10 | 26.35 | 52.45 | OK | |
r-devel-linux-x86_64-debian-gcc | 2.1.0 | 20.57 | 20.98 | 41.55 | OK | |
r-devel-linux-x86_64-fedora-clang | 2.1.0 | 80.34 | OK | |||
r-devel-linux-x86_64-fedora-gcc | 2.1.0 | 81.80 | OK | |||
r-devel-macos-arm64 | 2.1.0 | 37.00 | OK | |||
r-devel-macos-x86_64 | 2.1.0 | 52.00 | OK | |||
r-devel-windows-x86_64 | 2.1.0 | 26.00 | 57.00 | 83.00 | OK | |
r-patched-linux-x86_64 | 2.1.0 | 25.07 | 25.24 | 50.31 | OK | |
r-release-linux-x86_64 | 2.1.0 | 24.59 | 25.42 | 50.01 | OK | |
r-release-macos-arm64 | 2.1.0 | 39.00 | NOTE | |||
r-release-macos-x86_64 | 2.1.0 | 41.00 | NOTE | |||
r-release-windows-x86_64 | 2.1.0 | 29.00 | 49.00 | 78.00 | NOTE | |
r-oldrel-macos-arm64 | 2.1.0 | 43.00 | NOTE | |||
r-oldrel-macos-x86_64 | 2.1.0 | 77.00 | NOTE | |||
r-oldrel-windows-x86_64 | 2.1.0 | 30.00 | 50.00 | 80.00 | NOTE |
Version: 2.1.0
Check: installed package size
Result: NOTE
installed size is 5.7Mb
sub-directories of 1Mb or more:
R 4.0Mb
data 1.5Mb
Flavors: r-release-macos-arm64, r-release-macos-x86_64, r-release-windows-x86_64, r-oldrel-macos-arm64, r-oldrel-macos-x86_64, r-oldrel-windows-x86_64
These binaries (installable software) and packages are in development.
They may not be fully stable and should be used with caution. We make no claims about them.