Last updated on 2025-02-19 17:50:59 CET.
Flavor | Version | Tinstall | Tcheck | Ttotal | Status | Flags |
---|---|---|---|---|---|---|
r-devel-linux-x86_64-debian-clang | 2.4.1 | 11.57 | 254.87 | 266.44 | OK | |
r-devel-linux-x86_64-debian-gcc | 2.4.2 | 6.71 | 170.92 | 177.63 | OK | |
r-devel-linux-x86_64-fedora-clang | 2.4.2 | 399.73 | OK | |||
r-devel-linux-x86_64-fedora-gcc | 2.4.2 | 409.54 | OK | |||
r-devel-macos-arm64 | 2.4.1 | 5.00 | ERROR | |||
r-devel-macos-x86_64 | 2.4.2 | 234.00 | OK | |||
r-devel-windows-x86_64 | 2.4.1 | 15.00 | 254.00 | 269.00 | OK | |
r-patched-linux-x86_64 | 2.4.2 | 11.07 | 230.27 | 241.34 | OK | |
r-release-linux-x86_64 | 2.4.1 | 8.45 | 234.07 | 242.52 | OK | |
r-release-macos-arm64 | 2.4.1 | 138.00 | OK | |||
r-release-macos-x86_64 | 2.4.2 | 12.00 | ERROR | |||
r-release-windows-x86_64 | 2.4.2 | 15.00 | 268.00 | 283.00 | OK | |
r-oldrel-macos-arm64 | 2.4.1 | 10.00 | ERROR | |||
r-oldrel-macos-x86_64 | 2.4.2 | 12.00 | ERROR | |||
r-oldrel-windows-x86_64 | 2.4.2 | 17.00 | 11.00 | 28.00 | ERROR |
Version: 2.4.1
Check: package dependencies
Result: ERROR
Package required but not available: ‘org.Hs.eg.db’
See section ‘The DESCRIPTION file’ in the ‘Writing R Extensions’
manual.
Flavor: r-devel-macos-arm64
Version: 2.4.2
Check: package dependencies
Result: ERROR
Package required but not available: ‘ggkegg’
See section ‘The DESCRIPTION file’ in the ‘Writing R Extensions’
manual.
Flavors: r-release-macos-x86_64, r-oldrel-macos-x86_64
Version: 2.4.1
Check: package dependencies
Result: ERROR
Package required but not available: ‘ggkegg’
See section ‘The DESCRIPTION file’ in the ‘Writing R Extensions’
manual.
Flavor: r-oldrel-macos-arm64
Version: 2.4.2
Check: package dependencies
Result: ERROR
Package required and available but unsuitable version: 'ggkegg'
See section 'The DESCRIPTION file' in the 'Writing R Extensions'
manual.
Flavor: r-oldrel-windows-x86_64
These binaries (installable software) and packages are in development.
They may not be fully stable and should be used with caution. We make no claims about them.