Last updated on 2025-10-23 21:51:35 CEST.
Flavor | Version | Tinstall | Tcheck | Ttotal | Status | Flags |
---|---|---|---|---|---|---|
r-devel-linux-x86_64-debian-clang | 0.1.0 | 4.65 | 39.70 | 44.35 | OK | |
r-devel-linux-x86_64-debian-gcc | 0.1.0 | 3.08 | 29.18 | 32.26 | OK | |
r-devel-linux-x86_64-fedora-clang | 0.1.0 | 10.00 | 55.81 | 65.81 | NOTE | |
r-devel-linux-x86_64-fedora-gcc | 0.1.0 | 62.80 | NOTE | |||
r-devel-windows-x86_64 | 0.1.0 | 6.00 | 53.00 | 59.00 | OK | |
r-patched-linux-x86_64 | 0.1.0 | 3.50 | 38.04 | 41.54 | OK | |
r-release-linux-x86_64 | 0.1.0 | 3.92 | 38.02 | 41.94 | OK | |
r-release-macos-arm64 | 0.1.0 | 2.00 | 22.00 | 24.00 | OK | |
r-release-macos-x86_64 | 0.1.0 | 4.00 | 37.00 | 41.00 | OK | |
r-release-windows-x86_64 | 0.1.0 | 6.00 | 54.00 | 60.00 | OK | |
r-oldrel-macos-arm64 | 0.1.0 | 2.00 | 19.00 | 21.00 | OK | |
r-oldrel-macos-x86_64 | 0.1.0 | 3.00 | 29.00 | 32.00 | OK | |
r-oldrel-windows-x86_64 | 0.1.0 | 7.00 | 64.00 | 71.00 | OK |
Version: 0.1.0
Check: dependencies in R code
Result: NOTE
Namespaces in Imports field not imported from:
‘testthat’ ‘usethis’ ‘utils’
All declared Imports should be used.
Flavors: r-devel-linux-x86_64-fedora-clang, r-devel-linux-x86_64-fedora-gcc
These binaries (installable software) and packages are in development.
They may not be fully stable and should be used with caution. We make no claims about them.