Last updated on 2025-05-24 07:49:32 CEST.
Flavor | Version | Tinstall | Tcheck | Ttotal | Status | Flags |
---|---|---|---|---|---|---|
r-devel-linux-x86_64-debian-clang | 0.1.0 | 4.45 | 38.08 | 42.53 | OK | |
r-devel-linux-x86_64-debian-gcc | 0.1.0 | 3.18 | 27.77 | 30.95 | OK | |
r-devel-linux-x86_64-fedora-clang | 0.1.0 | 68.98 | NOTE | |||
r-devel-linux-x86_64-fedora-gcc | 0.1.0 | 63.87 | NOTE | |||
r-devel-windows-x86_64 | 0.1.0 | 6.00 | 55.00 | 61.00 | OK | |
r-patched-linux-x86_64 | 0.1.0 | 4.11 | 36.28 | 40.39 | OK | |
r-release-linux-x86_64 | 0.1.0 | 3.77 | 36.57 | 40.34 | OK | |
r-release-macos-arm64 | 0.1.0 | 24.00 | OK | |||
r-release-macos-x86_64 | 0.1.0 | 41.00 | OK | |||
r-release-windows-x86_64 | 0.1.0 | 7.00 | 52.00 | 59.00 | OK | |
r-oldrel-macos-arm64 | 0.1.0 | 21.00 | OK | |||
r-oldrel-macos-x86_64 | 0.1.0 | 32.00 | OK | |||
r-oldrel-windows-x86_64 | 0.1.0 | 7.00 | 64.00 | 71.00 | OK |
Version: 0.1.0
Check: dependencies in R code
Result: NOTE
Namespaces in Imports field not imported from:
‘testthat’ ‘usethis’ ‘utils’
All declared Imports should be used.
Flavors: r-devel-linux-x86_64-fedora-clang, r-devel-linux-x86_64-fedora-gcc
These binaries (installable software) and packages are in development.
They may not be fully stable and should be used with caution. We make no claims about them.