CRAN Package Check Results for Package pathwayTMB

Last updated on 2025-05-08 04:52:13 CEST.

Flavor Version Tinstall Tcheck Ttotal Status Flags
r-devel-linux-x86_64-debian-clang 0.1.3 17.70 147.98 165.68 OK
r-devel-linux-x86_64-debian-gcc 0.1.3 13.67 112.59 126.26 OK
r-devel-linux-x86_64-fedora-clang 0.1.3 275.42 NOTE
r-devel-linux-x86_64-fedora-gcc 0.1.3 274.04 NOTE
r-devel-windows-x86_64 0.1.3 20.00 137.00 157.00 OK
r-patched-linux-x86_64 0.1.3 16.49 141.76 158.25 OK
r-release-linux-x86_64 0.1.3 14.38 141.87 156.25 OK
r-release-macos-arm64 0.1.3 68.00 OK
r-release-macos-x86_64 0.1.3 129.00 OK
r-release-windows-x86_64 0.1.3 19.00 140.00 159.00 OK
r-oldrel-macos-arm64 0.1.3 70.00 OK
r-oldrel-macos-x86_64 0.1.3 110.00 OK
r-oldrel-windows-x86_64 0.1.3 25.00 175.00 200.00 OK

Check Details

Version: 0.1.3
Check: dependencies in R code
Result: NOTE Namespaces in Imports field not imported from: ‘clusterProfiler’ ‘purrr’ All declared Imports should be used. Flavors: r-devel-linux-x86_64-fedora-clang, r-devel-linux-x86_64-fedora-gcc

These binaries (installable software) and packages are in development.
They may not be fully stable and should be used with caution. We make no claims about them.