Last updated on 2025-10-03 13:49:42 CEST.
Flavor | Version | Tinstall | Tcheck | Ttotal | Status | Flags |
---|---|---|---|---|---|---|
r-devel-linux-x86_64-debian-clang | 2.0.10 | 8.44 | 358.41 | 366.85 | OK | |
r-devel-linux-x86_64-debian-gcc | 2.0.10 | 6.73 | 248.17 | 254.90 | OK | |
r-devel-linux-x86_64-fedora-clang | 2.0.10 | 517.59 | OK | |||
r-devel-linux-x86_64-fedora-gcc | 2.0.10 | 553.47 | OK | |||
r-devel-windows-x86_64 | 2.0.10 | 11.00 | 300.00 | 311.00 | OK | |
r-patched-linux-x86_64 | 2.0.10 | 11.13 | 345.18 | 356.31 | OK | |
r-release-linux-x86_64 | 2.0.10 | 8.84 | 345.30 | 354.14 | OK | |
r-release-macos-arm64 | 2.0.10 | 93.00 | OK | |||
r-release-macos-x86_64 | 2.0.10 | 230.00 | OK | |||
r-release-windows-x86_64 | 2.0.10 | 12.00 | 296.00 | 308.00 | OK | |
r-oldrel-macos-arm64 | 2.0.10 | 95.00 | NOTE | |||
r-oldrel-macos-x86_64 | 2.0.10 | 204.00 | NOTE | |||
r-oldrel-windows-x86_64 | 2.0.10 | 16.00 | 379.00 | 395.00 | NOTE |
Version: 2.0.10
Check: installed package size
Result: NOTE
installed size is 7.1Mb
sub-directories of 1Mb or more:
doc 6.7Mb
Flavors: r-oldrel-macos-arm64, r-oldrel-macos-x86_64, r-oldrel-windows-x86_64
These binaries (installable software) and packages are in development.
They may not be fully stable and should be used with caution. We make no claims about them.