CRAN Package Check Results for Package patientProfilesVis

Last updated on 2025-04-16 15:52:53 CEST.

Flavor Version Tinstall Tcheck Ttotal Status Flags
r-devel-linux-x86_64-debian-clang 2.0.9 8.53 232.70 241.23 OK
r-devel-linux-x86_64-debian-gcc 2.0.9 6.25 164.25 170.50 OK
r-devel-linux-x86_64-fedora-clang 2.0.9 359.27 OK
r-devel-linux-x86_64-fedora-gcc 2.0.9 303.26 OK
r-devel-windows-x86_64 2.0.9 10.00 199.00 209.00 OK
r-patched-linux-x86_64 2.0.9 9.20 221.98 231.18 OK
r-release-linux-x86_64 2.0.9 7.21 222.80 230.01 OK
r-release-macos-arm64 2.0.9 114.00 OK
r-release-macos-x86_64 2.0.9 265.00 OK
r-release-windows-x86_64 2.0.9 11.00 200.00 211.00 OK
r-oldrel-macos-arm64 2.0.9 93.00 NOTE
r-oldrel-macos-x86_64 2.0.9 228.00 NOTE
r-oldrel-windows-x86_64 2.0.9 14.00 253.00 267.00 NOTE

Check Details

Version: 2.0.9
Check: installed package size
Result: NOTE installed size is 5.6Mb sub-directories of 1Mb or more: doc 5.2Mb Flavors: r-oldrel-macos-arm64, r-oldrel-macos-x86_64, r-oldrel-windows-x86_64

These binaries (installable software) and packages are in development.
They may not be fully stable and should be used with caution. We make no claims about them.