Last updated on 2025-02-16 08:50:56 CET.
Flavor | Version | Tinstall | Tcheck | Ttotal | Status | Flags |
---|---|---|---|---|---|---|
r-devel-linux-x86_64-debian-clang | 2.0.9 | 8.99 | 231.43 | 240.42 | OK | |
r-devel-linux-x86_64-debian-gcc | 2.0.9 | 6.22 | 164.18 | 170.40 | OK | |
r-devel-linux-x86_64-fedora-clang | 2.0.9 | 393.15 | OK | |||
r-devel-linux-x86_64-fedora-gcc | 2.0.9 | 385.23 | OK | |||
r-devel-macos-arm64 | 2.0.9 | 94.00 | OK | |||
r-devel-macos-x86_64 | 2.0.9 | 265.00 | OK | |||
r-devel-windows-x86_64 | 2.0.9 | 10.00 | 203.00 | 213.00 | OK | |
r-patched-linux-x86_64 | 2.0.9 | 9.54 | 215.50 | 225.04 | OK | |
r-release-linux-x86_64 | 2.0.9 | 7.92 | 213.22 | 221.14 | OK | |
r-release-macos-arm64 | 2.0.9 | 93.00 | NOTE | |||
r-release-macos-x86_64 | 2.0.9 | 228.00 | NOTE | |||
r-release-windows-x86_64 | 2.0.9 | 10.00 | 199.00 | 209.00 | NOTE | |
r-oldrel-macos-arm64 | 2.0.9 | 116.00 | NOTE | |||
r-oldrel-macos-x86_64 | 2.0.9 | 205.00 | NOTE | |||
r-oldrel-windows-x86_64 | 2.0.9 | 14.00 | 238.00 | 252.00 | NOTE |
Version: 2.0.9
Check: installed package size
Result: NOTE
installed size is 5.6Mb
sub-directories of 1Mb or more:
doc 5.2Mb
Flavors: r-release-macos-arm64, r-release-macos-x86_64, r-release-windows-x86_64, r-oldrel-macos-arm64, r-oldrel-macos-x86_64, r-oldrel-windows-x86_64
These binaries (installable software) and packages are in development.
They may not be fully stable and should be used with caution. We make no claims about them.