Last updated on 2025-05-01 14:49:17 CEST.
Flavor | Version | Tinstall | Tcheck | Ttotal | Status | Flags |
---|---|---|---|---|---|---|
r-devel-linux-x86_64-debian-clang | 0.0.5 | 50.32 | 366.02 | 416.34 | NOTE | |
r-devel-linux-x86_64-debian-gcc | 0.0.5 | 32.94 | 236.97 | 269.91 | NOTE | |
r-devel-linux-x86_64-fedora-clang | 0.0.5 | 692.38 | NOTE | |||
r-devel-linux-x86_64-fedora-gcc | 0.0.5 | 624.90 | NOTE | |||
r-devel-windows-x86_64 | 0.0.5 | 46.00 | 302.00 | 348.00 | NOTE | |
r-patched-linux-x86_64 | 0.0.5 | 51.29 | 348.80 | 400.09 | NOTE | |
r-release-linux-x86_64 | NOTE | |||||
r-release-macos-arm64 | 0.0.5 | 137.00 | NOTE | |||
r-release-macos-x86_64 | 0.0.5 | 464.00 | NOTE | |||
r-release-windows-x86_64 | 0.0.5 | 50.00 | 309.00 | 359.00 | NOTE | |
r-oldrel-macos-arm64 | 0.0.5 | 116.00 | NOTE | |||
r-oldrel-macos-x86_64 | 0.0.5 | 378.00 | NOTE | |||
r-oldrel-windows-x86_64 | 0.0.5 | 64.00 | 402.00 | 466.00 | NOTE |
Version: 0.0.5
Check: Rd files
Result: NOTE
checkRd: (-1) plotHeat.Rd:113: Lost braces
113 | code{\link[patternize]{patPCA}}, as 'one' when visualizing single image or as 'multi' for multi
| ^
Flavors: r-devel-linux-x86_64-debian-clang, r-devel-linux-x86_64-debian-gcc, r-devel-linux-x86_64-fedora-clang, r-devel-linux-x86_64-fedora-gcc, r-devel-windows-x86_64, r-patched-linux-x86_64, r-release-linux-x86_64, r-release-macos-arm64, r-release-macos-x86_64, r-release-windows-x86_64, r-oldrel-macos-arm64, r-oldrel-macos-x86_64, r-oldrel-windows-x86_64
These binaries (installable software) and packages are in development.
They may not be fully stable and should be used with caution. We make no claims about them.