Last updated on 2024-07-27 15:50:28 CEST.
Flavor | Version | Tinstall | Tcheck | Ttotal | Status | Flags |
---|---|---|---|---|---|---|
r-devel-linux-x86_64-debian-clang | 2.9.0 | 20.22 | 250.09 | 270.31 | OK | |
r-devel-linux-x86_64-debian-gcc | 2.9.0 | OK | ||||
r-devel-linux-x86_64-fedora-clang | 2.9.0 | 328.86 | NOTE | |||
r-devel-linux-x86_64-fedora-gcc | 2.9.0 | 324.92 | OK | |||
r-devel-windows-x86_64 | 2.9.0 | 14.00 | 174.00 | 188.00 | OK | |
r-patched-linux-x86_64 | 2.9.0 | OK | ||||
r-release-linux-x86_64 | 2.9.0 | 19.05 | 239.74 | 258.79 | OK | |
r-release-macos-arm64 | 2.9.0 | 138.00 | OK | |||
r-release-macos-x86_64 | 2.9.0 | 144.00 | OK | |||
r-release-windows-x86_64 | 2.9.0 | 14.00 | 172.00 | 186.00 | OK | |
r-oldrel-macos-arm64 | 2.9.0 | 81.00 | OK | |||
r-oldrel-macos-x86_64 | 2.9.0 | 254.00 | OK | |||
r-oldrel-windows-x86_64 | 2.9.0 | 19.00 | 197.00 | 216.00 | OK |
Version: 2.9.0
Check: Rd cross-references
Result: NOTE
Undeclared package ‘future’ in Rd xrefs
Flavor: r-devel-linux-x86_64-fedora-clang
These binaries (installable software) and packages are in development.
They may not be fully stable and should be used with caution. We make no claims about them.