Last updated on 2024-07-27 15:50:28 CEST.
Flavor | Version | Tinstall | Tcheck | Ttotal | Status | Flags |
---|---|---|---|---|---|---|
r-devel-linux-x86_64-debian-clang | 0.6.0 | 1286.97 | 517.81 | 1804.78 | OK | |
r-devel-linux-x86_64-debian-gcc | 0.6.0 | OK | ||||
r-devel-linux-x86_64-fedora-clang | 0.6.0 | 1586.60 | NOTE | |||
r-devel-linux-x86_64-fedora-gcc | 0.6.0 | 2207.62 | OK | |||
r-devel-windows-x86_64 | 0.6.0 | 921.00 | 504.00 | 1425.00 | NOTE | |
r-patched-linux-x86_64 | 0.6.0 | OK | ||||
r-release-linux-x86_64 | 0.6.0 | 1519.48 | 486.09 | 2005.57 | OK | |
r-release-macos-arm64 | 0.6.0 | 764.00 | NOTE | |||
r-release-macos-x86_64 | 0.6.0 | 1231.00 | NOTE | |||
r-release-windows-x86_64 | 0.6.0 | 982.00 | 488.00 | 1470.00 | NOTE | |
r-oldrel-macos-arm64 | 0.6.0 | 1453.00 | NOTE | |||
r-oldrel-macos-x86_64 | 0.6.0 | 1640.00 | NOTE | |||
r-oldrel-windows-x86_64 | 0.6.0 | 1713.00 | 559.00 | 2272.00 | NOTE |
Version: 0.6.0
Check: installed package size
Result: NOTE
installed size is 9.8Mb
sub-directories of 1Mb or more:
R 7.0Mb
help 2.6Mb
Flavors: r-devel-linux-x86_64-fedora-clang, r-devel-windows-x86_64, r-release-macos-arm64, r-release-macos-x86_64, r-release-windows-x86_64, r-oldrel-macos-arm64, r-oldrel-macos-x86_64, r-oldrel-windows-x86_64
These binaries (installable software) and packages are in development.
They may not be fully stable and should be used with caution. We make no claims about them.