Last updated on 2025-10-23 11:50:22 CEST.
Flavor | Version | Tinstall | Tcheck | Ttotal | Status | Flags |
---|---|---|---|---|---|---|
r-devel-linux-x86_64-debian-clang | 0.8.5 | 48.90 | 67.79 | 116.69 | NOTE | |
r-devel-linux-x86_64-debian-gcc | 0.8.5 | 35.71 | 45.79 | 81.50 | OK | |
r-devel-linux-x86_64-fedora-clang | 0.8.5 | 120.00 | 74.56 | 194.56 | OK | |
r-devel-linux-x86_64-fedora-gcc | 0.8.5 | 109.00 | 69.85 | 178.85 | OK | |
r-devel-windows-x86_64 | 0.8.5 | 59.00 | 103.00 | 162.00 | OK | |
r-patched-linux-x86_64 | 0.8.5 | 50.25 | 62.72 | 112.97 | OK | |
r-release-linux-x86_64 | 0.8.5 | 51.65 | 62.38 | 114.03 | OK | |
r-release-macos-arm64 | 0.8.5 | 20.00 | 36.00 | 56.00 | OK | |
r-release-macos-x86_64 | 0.8.5 | 23.00 | 57.00 | 80.00 | OK | |
r-release-windows-x86_64 | 0.8.5 | 60.00 | 104.00 | 164.00 | OK | |
r-oldrel-macos-arm64 | 0.8.5 | 19.00 | 40.00 | 59.00 | OK | |
r-oldrel-macos-x86_64 | 0.8.5 | 21.00 | 63.00 | 84.00 | OK | |
r-oldrel-windows-x86_64 | 0.8.5 | 72.00 | 127.00 | 199.00 | OK |
Version: 0.8.5
Check: HTML version of manual
Result: NOTE
Found the following HTML validation problems:
as.list.struct.html:51:1 (as.list.struct.Rd:12): Warning: missing </ul> before </div>
merge_config.html:50:1 (merge_config.Rd:12): Warning: missing </ul> before </div>
Flavor: r-devel-linux-x86_64-debian-clang
These binaries (installable software) and packages are in development.
They may not be fully stable and should be used with caution. We make no claims about them.