Last updated on 2024-07-27 15:50:28 CEST.
Flavor | Version | Tinstall | Tcheck | Ttotal | Status | Flags |
---|---|---|---|---|---|---|
r-devel-linux-x86_64-debian-clang | 0.6.1 | 153.02 | 361.64 | 514.66 | OK | |
r-devel-linux-x86_64-debian-gcc | 0.6.1 | OK | ||||
r-devel-linux-x86_64-fedora-clang | 0.6.1 | 478.09 | NOTE | |||
r-devel-linux-x86_64-fedora-gcc | 0.6.1 | 603.18 | OK | |||
r-devel-windows-x86_64 | 0.6.1 | 127.00 | 469.00 | 596.00 | NOTE | |
r-patched-linux-x86_64 | 0.6.1 | OK | ||||
r-release-linux-x86_64 | 0.6.1 | 136.81 | 344.40 | 481.21 | OK | |
r-release-macos-arm64 | 0.6.1 | 146.00 | NOTE | |||
r-release-macos-x86_64 | 0.6.1 | 237.00 | NOTE | |||
r-release-windows-x86_64 | 0.6.1 | 124.00 | 449.00 | 573.00 | NOTE | |
r-oldrel-macos-arm64 | 0.6.1 | 143.00 | NOTE | |||
r-oldrel-macos-x86_64 | 0.6.1 | 273.00 | NOTE | |||
r-oldrel-windows-x86_64 | 0.6.1 | 164.00 | 509.00 | 673.00 | NOTE |
Version: 0.6.1
Check: installed package size
Result: NOTE
installed size is 6.6Mb
sub-directories of 1Mb or more:
R 3.0Mb
help 3.4Mb
Flavors: r-devel-linux-x86_64-fedora-clang, r-devel-windows-x86_64, r-release-macos-arm64, r-release-macos-x86_64, r-release-windows-x86_64, r-oldrel-macos-arm64, r-oldrel-macos-x86_64, r-oldrel-windows-x86_64
These binaries (installable software) and packages are in development.
They may not be fully stable and should be used with caution. We make no claims about them.