Last updated on 2025-07-25 01:49:34 CEST.
Flavor | Version | Tinstall | Tcheck | Ttotal | Status | Flags |
---|---|---|---|---|---|---|
r-devel-linux-x86_64-debian-clang | 0.9.0 | 133.70 | 341.38 | 475.08 | OK | |
r-devel-linux-x86_64-debian-gcc | 0.9.0 | 79.69 | 225.85 | 305.54 | OK | |
r-devel-linux-x86_64-fedora-clang | 0.9.0 | 712.75 | OK | |||
r-devel-linux-x86_64-fedora-gcc | 0.9.0 | 660.14 | OK | |||
r-devel-windows-x86_64 | 0.9.0 | 134.00 | 564.00 | 698.00 | OK | |
r-patched-linux-x86_64 | 0.9.0 | 153.61 | 316.61 | 470.22 | OK | |
r-release-linux-x86_64 | 0.9.0 | 122.63 | 316.08 | 438.71 | OK | |
r-release-macos-arm64 | 0.9.0 | 228.00 | OK | |||
r-release-macos-x86_64 | 0.9.0 | 406.00 | OK | |||
r-release-windows-x86_64 | 0.9.0 | 134.00 | 552.00 | 686.00 | OK | |
r-oldrel-macos-arm64 | 0.9.0 | 167.00 | NOTE | |||
r-oldrel-macos-x86_64 | 0.9.0 | 417.00 | NOTE | |||
r-oldrel-windows-x86_64 | 0.9.0 | 196.00 | 623.00 | 819.00 | NOTE |
Version: 0.9.0
Check: installed package size
Result: NOTE
installed size is 8.0Mb
sub-directories of 1Mb or more:
R 4.1Mb
help 3.7Mb
Flavors: r-oldrel-macos-arm64, r-oldrel-macos-x86_64, r-oldrel-windows-x86_64
These binaries (installable software) and packages are in development.
They may not be fully stable and should be used with caution. We make no claims about them.