Last updated on 2025-11-13 01:50:28 CET.
| Flavor | Version | Tinstall | Tcheck | Ttotal | Status | Flags |
|---|---|---|---|---|---|---|
| r-devel-linux-x86_64-debian-clang | 0.9.0 | 81.88 | 207.27 | 289.15 | NOTE | |
| r-devel-linux-x86_64-debian-gcc | 0.9.0 | 44.96 | 138.38 | 183.34 | NOTE | |
| r-devel-linux-x86_64-fedora-clang | 0.9.0 | 206.00 | 208.22 | 414.22 | OK | |
| r-devel-linux-x86_64-fedora-gcc | 0.9.0 | 173.00 | 216.90 | 389.90 | OK | |
| r-devel-windows-x86_64 | 0.9.0 | 78.00 | 378.00 | 456.00 | OK | |
| r-patched-linux-x86_64 | 0.9.0 | 86.48 | 192.57 | 279.05 | OK | |
| r-release-linux-x86_64 | 0.9.0 | 71.88 | 193.78 | 265.66 | OK | |
| r-release-macos-arm64 | 0.9.0 | 53.00 | 96.00 | 149.00 | OK | |
| r-release-macos-x86_64 | 0.9.0 | 95.00 | 149.00 | 244.00 | OK | |
| r-release-windows-x86_64 | 0.9.0 | 79.00 | 385.00 | 464.00 | OK | |
| r-oldrel-macos-arm64 | 0.9.0 | 30.00 | 71.00 | 101.00 | OK | |
| r-oldrel-macos-x86_64 | 0.9.0 | 101.00 | 139.00 | 240.00 | OK | |
| r-oldrel-windows-x86_64 | 0.9.0 | 111.00 | 376.00 | 487.00 | OK |
Version: 0.9.0
Check: CRAN incoming feasibility
Result: NOTE
Maintainer: ‘Dyfan Jones <dyfan.r.jones@gmail.com>’
Found the following (possibly) invalid URLs:
URL: https://docs.aws.amazon.com/connect/latest/adminguide/historical-metrics-definitions.html##average-non-talk-time-historical
From: man/connect_get_metric_data_v2.Rd
Message: Invalid URL: '#' not allowed in fragment
Flavors: r-devel-linux-x86_64-debian-clang, r-devel-linux-x86_64-debian-gcc
These binaries (installable software) and packages are in development.
They may not be fully stable and should be used with caution. We make no claims about them.