Last updated on 2024-07-27 15:50:28 CEST.
Flavor | Version | Tinstall | Tcheck | Ttotal | Status | Flags |
---|---|---|---|---|---|---|
r-devel-linux-x86_64-debian-clang | 0.6.0 | 162.13 | 317.66 | 479.79 | OK | |
r-devel-linux-x86_64-debian-gcc | 0.6.0 | OK | ||||
r-devel-linux-x86_64-fedora-clang | 0.6.0 | 450.77 | NOTE | |||
r-devel-linux-x86_64-fedora-gcc | 0.6.0 | 551.41 | OK | |||
r-devel-windows-x86_64 | 0.6.0 | 128.00 | 408.00 | 536.00 | NOTE | |
r-patched-linux-x86_64 | 0.6.0 | OK | ||||
r-release-linux-x86_64 | 0.6.0 | 151.75 | 299.94 | 451.69 | OK | |
r-release-macos-arm64 | 0.6.0 | 138.00 | NOTE | |||
r-release-macos-x86_64 | 0.6.0 | 214.00 | NOTE | |||
r-release-windows-x86_64 | 0.6.0 | 122.00 | 386.00 | 508.00 | NOTE | |
r-oldrel-macos-arm64 | 0.6.0 | 132.00 | NOTE | |||
r-oldrel-macos-x86_64 | 0.6.0 | 278.00 | NOTE | |||
r-oldrel-windows-x86_64 | 0.6.0 | 163.00 | 450.00 | 613.00 | NOTE |
Version: 0.6.0
Check: installed package size
Result: NOTE
installed size is 5.4Mb
sub-directories of 1Mb or more:
R 2.6Mb
help 2.7Mb
Flavors: r-devel-linux-x86_64-fedora-clang, r-devel-windows-x86_64, r-release-macos-arm64, r-release-macos-x86_64, r-release-windows-x86_64, r-oldrel-macos-arm64, r-oldrel-macos-x86_64, r-oldrel-windows-x86_64
These binaries (installable software) and packages are in development.
They may not be fully stable and should be used with caution. We make no claims about them.