Last updated on 2025-02-16 08:50:56 CET.
Flavor | Version | Tinstall | Tcheck | Ttotal | Status | Flags |
---|---|---|---|---|---|---|
r-devel-linux-x86_64-debian-clang | 0.8.0 | 161.94 | 289.83 | 451.77 | OK | |
r-devel-linux-x86_64-debian-gcc | 0.8.0 | 91.09 | 198.09 | 289.18 | OK | |
r-devel-linux-x86_64-fedora-clang | 0.8.0 | 483.77 | OK | |||
r-devel-linux-x86_64-fedora-gcc | 0.8.0 | 506.23 | OK | |||
r-devel-macos-arm64 | 0.8.0 | 157.00 | OK | |||
r-devel-macos-x86_64 | 0.8.0 | 413.00 | OK | |||
r-devel-windows-x86_64 | 0.8.0 | 149.00 | 496.00 | 645.00 | OK | |
r-patched-linux-x86_64 | 0.8.0 | 182.55 | 271.97 | 454.52 | OK | |
r-release-linux-x86_64 | 0.8.0 | 146.73 | 268.56 | 415.29 | OK | |
r-release-macos-arm64 | 0.8.0 | 167.00 | NOTE | |||
r-release-macos-x86_64 | 0.8.0 | 433.00 | NOTE | |||
r-release-windows-x86_64 | 0.8.0 | 145.00 | 512.00 | 657.00 | NOTE | |
r-oldrel-macos-arm64 | 0.7.0 | 162.00 | NOTE | |||
r-oldrel-macos-x86_64 | 0.8.0 | 298.00 | NOTE | |||
r-oldrel-windows-x86_64 | 0.8.0 | 117.00 | 465.00 | 582.00 | NOTE |
Version: 0.8.0
Check: installed package size
Result: NOTE
installed size is 7.4Mb
sub-directories of 1Mb or more:
R 4.1Mb
help 3.1Mb
Flavors: r-release-macos-arm64, r-release-macos-x86_64, r-release-windows-x86_64, r-oldrel-macos-x86_64, r-oldrel-windows-x86_64
Version: 0.7.0
Check: installed package size
Result: NOTE
installed size is 6.8Mb
sub-directories of 1Mb or more:
R 3.3Mb
help 3.3Mb
Flavor: r-oldrel-macos-arm64
These binaries (installable software) and packages are in development.
They may not be fully stable and should be used with caution. We make no claims about them.