Last updated on 2025-07-17 21:50:53 CEST.
Flavor | Version | Tinstall | Tcheck | Ttotal | Status | Flags |
---|---|---|---|---|---|---|
r-devel-linux-x86_64-debian-clang | 0.9.0 | 117.74 | 327.55 | 445.29 | OK | |
r-devel-linux-x86_64-debian-gcc | 0.9.0 | 69.89 | 218.81 | 288.70 | OK | |
r-devel-linux-x86_64-fedora-clang | 0.9.0 | 655.26 | OK | |||
r-devel-linux-x86_64-fedora-gcc | 0.9.0 | 600.61 | OK | |||
r-devel-windows-x86_64 | 0.9.0 | 113.00 | 638.00 | 751.00 | OK | |
r-patched-linux-x86_64 | 0.9.0 | 146.37 | 301.01 | 447.38 | OK | |
r-release-linux-x86_64 | 0.9.0 | 110.22 | 301.39 | 411.61 | OK | |
r-release-macos-arm64 | 0.9.0 | 177.00 | OK | |||
r-release-macos-x86_64 | 0.9.0 | 350.00 | OK | |||
r-release-windows-x86_64 | 0.9.0 | 118.00 | 551.00 | 669.00 | OK | |
r-oldrel-macos-arm64 | 0.9.0 | 153.00 | NOTE | |||
r-oldrel-macos-x86_64 | 0.9.0 | 299.00 | NOTE | |||
r-oldrel-windows-x86_64 | 0.9.0 | 164.00 | 670.00 | 834.00 | NOTE |
Version: 0.9.0
Check: installed package size
Result: NOTE
installed size is 7.5Mb
sub-directories of 1Mb or more:
R 3.1Mb
help 4.2Mb
Flavors: r-oldrel-macos-arm64, r-oldrel-macos-x86_64, r-oldrel-windows-x86_64
These binaries (installable software) and packages are in development.
They may not be fully stable and should be used with caution. We make no claims about them.