Last updated on 2025-11-13 01:50:28 CET.
| Flavor | Version | Tinstall | Tcheck | Ttotal | Status | Flags |
|---|---|---|---|---|---|---|
| r-devel-linux-x86_64-debian-clang | 0.9.0 | 93.45 | 264.02 | 357.47 | OK | |
| r-devel-linux-x86_64-debian-gcc | 0.9.0 | 52.93 | 175.94 | 228.87 | OK | |
| r-devel-linux-x86_64-fedora-clang | 0.9.0 | 249.00 | 253.55 | 502.55 | OK | |
| r-devel-linux-x86_64-fedora-gcc | 0.9.0 | 195.00 | 280.60 | 475.60 | OK | |
| r-devel-windows-x86_64 | 0.9.0 | 95.00 | 490.00 | 585.00 | OK | |
| r-patched-linux-x86_64 | 0.9.0 | 105.72 | 249.34 | 355.06 | OK | |
| r-release-linux-x86_64 | 0.9.0 | 80.06 | 245.53 | 325.59 | OK | |
| r-release-macos-arm64 | 0.9.0 | 42.00 | 100.00 | 142.00 | OK | |
| r-release-macos-x86_64 | 0.9.0 | 90.00 | 191.00 | 281.00 | OK | |
| r-release-windows-x86_64 | 0.9.0 | 96.00 | 500.00 | 596.00 | OK | |
| r-oldrel-macos-arm64 | 0.9.0 | 37.00 | 90.00 | 127.00 | NOTE | |
| r-oldrel-macos-x86_64 | 0.9.0 | 77.00 | 161.00 | 238.00 | NOTE | |
| r-oldrel-windows-x86_64 | 0.9.0 | 133.00 | 496.00 | 629.00 | OK |
Version: 0.9.0
Check: installed package size
Result: NOTE
installed size is 5.5Mb
sub-directories of 1Mb or more:
R 3.1Mb
help 2.3Mb
Flavors: r-oldrel-macos-arm64, r-oldrel-macos-x86_64
These binaries (installable software) and packages are in development.
They may not be fully stable and should be used with caution. We make no claims about them.