Last updated on 2024-07-27 15:50:28 CEST.
Flavor | Version | Tinstall | Tcheck | Ttotal | Status | Flags |
---|---|---|---|---|---|---|
r-devel-linux-x86_64-debian-clang | 0.6.1 | 161.66 | 394.33 | 555.99 | OK | |
r-devel-linux-x86_64-debian-gcc | 0.6.1 | OK | ||||
r-devel-linux-x86_64-fedora-clang | 0.6.1 | 503.45 | NOTE | |||
r-devel-linux-x86_64-fedora-gcc | 0.6.1 | 632.78 | OK | |||
r-devel-windows-x86_64 | 0.6.1 | 133.00 | 510.00 | 643.00 | NOTE | |
r-patched-linux-x86_64 | 0.6.1 | OK | ||||
r-release-linux-x86_64 | 0.6.1 | 143.33 | 376.77 | 520.10 | OK | |
r-release-macos-arm64 | 0.6.1 | 163.00 | NOTE | |||
r-release-macos-x86_64 | 0.6.1 | 250.00 | NOTE | |||
r-release-windows-x86_64 | 0.6.1 | 127.00 | 486.00 | 613.00 | NOTE | |
r-oldrel-macos-arm64 | 0.6.1 | 158.00 | NOTE | |||
r-oldrel-macos-x86_64 | 0.6.1 | 293.00 | NOTE | |||
r-oldrel-windows-x86_64 | 0.6.1 | 170.00 | 548.00 | 718.00 | NOTE |
Version: 0.6.1
Check: installed package size
Result: NOTE
installed size is 6.5Mb
sub-directories of 1Mb or more:
R 2.8Mb
help 3.5Mb
Flavors: r-devel-linux-x86_64-fedora-clang, r-devel-windows-x86_64, r-release-macos-arm64, r-release-macos-x86_64, r-release-windows-x86_64, r-oldrel-macos-arm64, r-oldrel-macos-x86_64, r-oldrel-windows-x86_64
These binaries (installable software) and packages are in development.
They may not be fully stable and should be used with caution. We make no claims about them.