Last updated on 2025-05-01 15:49:39 CEST.
Flavor | Version | Tinstall | Tcheck | Ttotal | Status | Flags |
---|---|---|---|---|---|---|
r-devel-linux-x86_64-debian-clang | 0.0.7 | 2.13 | 30.82 | 32.95 | OK | |
r-devel-linux-x86_64-debian-gcc | 0.0.7 | 2.25 | 30.94 | 33.19 | OK | |
r-devel-linux-x86_64-fedora-clang | 0.0.7 | 53.37 | OK | |||
r-devel-linux-x86_64-fedora-gcc | 0.0.7 | 59.97 | OK | |||
r-devel-windows-x86_64 | 0.0.7 | 4.00 | 65.00 | 69.00 | OK | |
r-patched-linux-x86_64 | 0.0.7 | 2.58 | 34.84 | 37.42 | OK | |
r-release-linux-x86_64 | OK | |||||
r-release-macos-arm64 | 0.0.7 | 23.00 | OK | |||
r-release-macos-x86_64 | 0.0.7 | 32.00 | OK | |||
r-release-windows-x86_64 | 0.0.7 | 4.00 | 66.00 | 70.00 | OK | |
r-oldrel-macos-arm64 | 0.0.7 | 19.00 | OK | |||
r-oldrel-macos-x86_64 | 0.0.7 | 31.00 | OK | |||
r-oldrel-windows-x86_64 | 0.0.7 | 5.00 | 61.00 | 66.00 | OK |
Version: 0.0.7
Check: examples
Result: NA
user system elapsed
odpbc 5.42 0.019 6.04
OK
Flavor: r-devel-linux-x86_64-debian-gcc
These binaries (installable software) and packages are in development.
They may not be fully stable and should be used with caution. We make no claims about them.