CRAN Package Check Results for Package pbdMPI

Last updated on 2025-11-11 17:50:08 CET.

Flavor Version Tinstall Tcheck Ttotal Status Flags
r-devel-linux-x86_64-debian-clang 0.5-4 15.89 90.84 106.73 NOTE
r-devel-linux-x86_64-debian-gcc 0.5-4 13.34 71.36 84.70 NOTE
r-devel-linux-x86_64-fedora-clang 0.5-4 46.00 119.77 165.77 NOTE
r-devel-linux-x86_64-fedora-gcc 0.5-4 44.00 126.62 170.62 NOTE
r-devel-windows-x86_64 0.5-4 84.00 133.00 217.00 NOTE
r-patched-linux-x86_64 0.5-4 17.06 84.59 101.65 OK
r-release-linux-x86_64 0.5-4 16.18 85.06 101.24 OK
r-release-macos-arm64 0.5-4 4.00 7.00 11.00 ERROR
r-release-macos-x86_64 0.5-4 9.00 11.00 20.00 ERROR
r-release-windows-x86_64 0.5-4 87.00 127.00 214.00 OK
r-oldrel-macos-arm64 0.5-4 4.00 12.00 16.00 ERROR
r-oldrel-macos-x86_64 0.5-4 11.00 18.00 29.00 ERROR
r-oldrel-windows-x86_64 0.5-4 83.00 152.00 235.00 OK

Check Details

Version: 0.5-4
Check: Rd files
Result: NOTE checkRd: (-1) 11_d_control.Rd:60-67: Only 3 columns allowed in this table (row 6 has 1) Flavors: r-devel-linux-x86_64-debian-clang, r-devel-linux-x86_64-debian-gcc, r-devel-linux-x86_64-fedora-clang, r-devel-linux-x86_64-fedora-gcc, r-devel-windows-x86_64

Version: 0.5-4
Check: whether package can be installed
Result: ERROR Installation failed. Flavors: r-release-macos-arm64, r-release-macos-x86_64, r-oldrel-macos-arm64, r-oldrel-macos-x86_64

These binaries (installable software) and packages are in development.
They may not be fully stable and should be used with caution. We make no claims about them.