Last updated on 2025-11-11 17:50:08 CET.
| Flavor | Version | Tinstall | Tcheck | Ttotal | Status | Flags |
|---|---|---|---|---|---|---|
| r-devel-linux-x86_64-debian-clang | 0.3-7 | 160.40 | 50.32 | 210.72 | OK | |
| r-devel-linux-x86_64-debian-gcc | 0.3-7 | 105.51 | 42.13 | 147.64 | OK | |
| r-devel-linux-x86_64-fedora-clang | 0.3-7 | 362.00 | -42.86 | 319.14 | OK | |
| r-devel-linux-x86_64-fedora-gcc | 0.3-7 | 332.00 | 2.06 | 334.06 | OK | |
| r-devel-windows-x86_64 | 0.3-7 | 251.00 | 81.00 | 332.00 | OK | |
| r-patched-linux-x86_64 | 0.3-7 | 140.19 | 48.64 | 188.83 | OK | |
| r-release-linux-x86_64 | 0.3-7 | 138.79 | 48.79 | 187.58 | OK | |
| r-release-macos-arm64 | 0.3-7 | 6.00 | ERROR | |||
| r-release-macos-x86_64 | 0.3-7 | 9.00 | ERROR | |||
| r-release-windows-x86_64 | 0.3-7 | 241.00 | 78.00 | 319.00 | OK | |
| r-oldrel-macos-arm64 | 0.3-7 | 10.00 | ERROR | |||
| r-oldrel-macos-x86_64 | 0.3-7 | 12.00 | ERROR | |||
| r-oldrel-windows-x86_64 | 0.3-7 | 289.00 | 88.00 | 377.00 | NOTE |
Version: 0.3-7
Check: package dependencies
Result: ERROR
Package required but not available: ‘pbdMPI’
See section ‘The DESCRIPTION file’ in the ‘Writing R Extensions’
manual.
Flavors: r-release-macos-arm64, r-release-macos-x86_64, r-oldrel-macos-arm64, r-oldrel-macos-x86_64
Version: 0.3-7
Check: installed package size
Result: NOTE
installed size is 5.6Mb
sub-directories of 1Mb or more:
lib 2.9Mb
libs 2.4Mb
Flavor: r-oldrel-windows-x86_64
These binaries (installable software) and packages are in development.
They may not be fully stable and should be used with caution. We make no claims about them.