Last updated on 2025-02-16 08:50:56 CET.
Flavor | Version | Tinstall | Tcheck | Ttotal | Status | Flags |
---|---|---|---|---|---|---|
r-devel-linux-x86_64-debian-clang | 0.3-13 | 6.78 | 35.99 | 42.77 | NOTE | |
r-devel-linux-x86_64-debian-gcc | 0.3-13 | 5.91 | 28.43 | 34.34 | NOTE | |
r-devel-linux-x86_64-fedora-clang | 0.3-13 | 71.01 | NOTE | |||
r-devel-linux-x86_64-fedora-gcc | 0.3-13 | 79.36 | NOTE | |||
r-devel-macos-arm64 | 0.3-13 | 35.00 | OK | |||
r-devel-macos-x86_64 | 0.3-13 | 61.00 | OK | |||
r-devel-windows-x86_64 | 0.3-13 | 288.00 | 101.00 | 389.00 | OK | |
r-patched-linux-x86_64 | 0.3-13 | 6.42 | 34.17 | 40.59 | OK | |
r-release-linux-x86_64 | 0.3-13 | 6.03 | 34.07 | 40.10 | OK | |
r-release-macos-arm64 | 0.3-13 | 45.00 | OK | |||
r-release-macos-x86_64 | 0.3-13 | 69.00 | OK | |||
r-release-windows-x86_64 | 0.3-13 | 319.00 | 99.00 | 418.00 | OK | |
r-oldrel-macos-arm64 | 0.3-13 | 41.00 | OK | |||
r-oldrel-macos-x86_64 | 0.3-13 | 63.00 | OK | |||
r-oldrel-windows-x86_64 | 0.3-13 | 272.00 | 106.00 | 378.00 | OK |
Version: 0.3-13
Check: top-level files
Result: NOTE
possible bashism in configure.ac line 55 (test -a/-o):
if test "X$GET_PKG_CONFIG" = "Xyes" -a "X$GET_SYSTEM_ZMQ" = "Xyes" -a "X$ENABLE_INTERNAL_ZMQ" = "Xno" ; then
possible bashism in configure.ac line 76 (test -a/-o):
if test "X$EXTERNAL_ZMQ_INCLUDE" != "X" -a "X$EXTERNAL_ZMQ_LDFLAGS" != "X" ; then
possible bashism in configure.ac line 85 (test -a/-o):
if test "X$SYSTEM_ZMQ_INCLUDEDIR" != "X" -a "X$SYSTEM_ZMQ_LIBDIR" != "X" ; then
possible bashism in configure.ac line 96 (test -a/-o):
if test "$ZMQ_INCLUDE" != "-I./zmqsrc/include" -a "$ZMQ_LDFLAGS" != "-L./ -lzmq" ; then
Flavors: r-devel-linux-x86_64-debian-clang, r-devel-linux-x86_64-debian-gcc, r-devel-linux-x86_64-fedora-clang, r-devel-linux-x86_64-fedora-gcc
These binaries (installable software) and packages are in development.
They may not be fully stable and should be used with caution. We make no claims about them.