Last updated on 2025-10-23 11:50:22 CEST.
Flavor | Version | Tinstall | Tcheck | Ttotal | Status | Flags |
---|---|---|---|---|---|---|
r-devel-linux-x86_64-debian-clang | 0.5.5 | 12.90 | 207.86 | 220.76 | NOTE | |
r-devel-linux-x86_64-debian-gcc | 0.5.5 | 8.49 | 144.37 | 152.86 | OK | |
r-devel-linux-x86_64-fedora-clang | 0.5.5 | 29.00 | 283.44 | 312.44 | OK | |
r-devel-linux-x86_64-fedora-gcc | 0.5.5 | 24.00 | 300.43 | 324.43 | OK | |
r-devel-windows-x86_64 | 0.5.5 | 13.00 | 185.00 | 198.00 | OK | |
r-patched-linux-x86_64 | 0.5.5 | 12.81 | 191.32 | 204.13 | OK | |
r-release-linux-x86_64 | 0.5.5 | 11.22 | 194.60 | 205.82 | OK | |
r-release-macos-arm64 | 0.5.5 | 5.00 | 74.00 | 79.00 | OK | |
r-release-macos-x86_64 | 0.5.5 | 13.00 | 124.00 | 137.00 | OK | |
r-release-windows-x86_64 | 0.5.5 | 14.00 | 182.00 | 196.00 | OK | |
r-oldrel-macos-arm64 | 0.5.5 | 5.00 | 80.00 | 85.00 | OK | |
r-oldrel-macos-x86_64 | 0.5.5 | 11.00 | 97.00 | 108.00 | OK | |
r-oldrel-windows-x86_64 | 0.5.5 | 20.00 | 246.00 | 266.00 | OK |
Version: 0.5.5
Check: HTML version of manual
Result: NOTE
Found the following HTML validation problems:
any_modcomp.html:56:1 (any_modcomp.Rd:22): Warning: missing </ul> before </div>
x2__modcomp.html:95:1 (x2__modcomp.Rd:46): Warning: missing </ul> before </div>
Flavor: r-devel-linux-x86_64-debian-clang
These binaries (installable software) and packages are in development.
They may not be fully stable and should be used with caution. We make no claims about them.