Last updated on 2025-05-01 15:49:39 CEST.
Flavor | Version | Tinstall | Tcheck | Ttotal | Status | Flags |
---|---|---|---|---|---|---|
r-devel-linux-x86_64-debian-clang | 0.1.8 | 12.05 | 309.42 | 321.47 | NOTE | |
r-devel-linux-x86_64-debian-gcc | 0.1.8 | 7.82 | 187.87 | 195.69 | NOTE | |
r-devel-linux-x86_64-fedora-clang | 0.1.8 | 545.95 | OK | |||
r-devel-linux-x86_64-fedora-gcc | 0.1.8 | 523.13 | OK | |||
r-devel-windows-x86_64 | 0.1.8 | 13.00 | 332.00 | 345.00 | NOTE | |
r-patched-linux-x86_64 | 0.1.8 | 11.61 | 295.66 | 307.27 | NOTE | |
r-release-linux-x86_64 | NOTE | |||||
r-release-macos-arm64 | 0.1.8 | 127.00 | OK | |||
r-release-macos-x86_64 | 0.1.8 | 283.00 | OK | |||
r-release-windows-x86_64 | 0.1.8 | 14.00 | 313.00 | 327.00 | NOTE | |
r-oldrel-macos-arm64 | 0.1.8 | 131.00 | OK | |||
r-oldrel-macos-x86_64 | 0.1.8 | 200.00 | OK | |||
r-oldrel-windows-x86_64 | 0.1.8 | 17.00 | 394.00 | 411.00 | OK |
Version: 0.1.8
Check: Rd cross-references
Result: NOTE
Found the following Rd file(s) with Rd \link{} targets missing package
anchors:
perProb.Rd: pMvdc
Please provide package anchors for all Rd \link{} targets not in the
package itself and the base packages.
Flavors: r-devel-linux-x86_64-debian-clang, r-devel-linux-x86_64-debian-gcc, r-devel-windows-x86_64, r-patched-linux-x86_64, r-release-linux-x86_64, r-release-windows-x86_64
Version: 0.1.8
Check: examples
Result: NOTE
Examples with CPU (user + system) or elapsed time > 5s
user system elapsed
coefAll2-methods 11.290 0.531 14.549
grid_pbox 11.049 0.102 15.531
final_pbox 10.264 0.174 13.611
set_pbox 10.216 0.098 12.541
qpbox 10.088 0.075 12.278
scenario_pbox 10.090 0.047 12.661
fit_dist_pbox 8.321 0.078 9.720
perProb 5.097 0.071 6.493
Flavor: r-devel-linux-x86_64-debian-clang
Version: 0.1.8
Check: examples
Result: NA
user system elapsed
coefAll2-methods 6.159 0.167 7.844
grid_pbox 6.087 0.117 7.263
scenario_pbox 5.474 0.080 8.418
final_pbox 5.426 0.121 6.240
qpbox 5.266 0.066 6.704
set_pbox 5.244 0.009 6.031
fit_dist_pbox 4.542 0.044 5.025
OK
Flavor: r-devel-linux-x86_64-debian-gcc
These binaries (installable software) and packages are in development.
They may not be fully stable and should be used with caution. We make no claims about them.