Last updated on 2025-02-16 08:50:56 CET.
Flavor | Version | Tinstall | Tcheck | Ttotal | Status | Flags |
---|---|---|---|---|---|---|
r-devel-linux-x86_64-debian-clang | 0.1.8 | 12.01 | 304.57 | 316.58 | NOTE | |
r-devel-linux-x86_64-debian-gcc | 0.1.8 | 9.16 | 185.76 | 194.92 | NOTE | |
r-devel-linux-x86_64-fedora-clang | 0.1.8 | 577.91 | OK | |||
r-devel-linux-x86_64-fedora-gcc | 0.1.8 | 512.02 | OK | |||
r-devel-macos-arm64 | 0.1.8 | 118.00 | OK | |||
r-devel-macos-x86_64 | 0.1.8 | 276.00 | OK | |||
r-devel-windows-x86_64 | 0.1.8 | 13.00 | 305.00 | 318.00 | NOTE | |
r-patched-linux-x86_64 | 0.1.8 | 13.95 | 288.56 | 302.51 | OK | |
r-release-linux-x86_64 | 0.1.8 | 11.77 | 289.90 | 301.67 | OK | |
r-release-macos-arm64 | 0.1.8 | 131.00 | OK | |||
r-release-macos-x86_64 | 0.1.8 | 200.00 | OK | |||
r-release-windows-x86_64 | 0.1.8 | 13.00 | 292.00 | 305.00 | OK | |
r-oldrel-macos-arm64 | 0.1.8 | 144.00 | OK | |||
r-oldrel-macos-x86_64 | 0.1.8 | 361.00 | OK | |||
r-oldrel-windows-x86_64 | 0.1.8 | 16.00 | 393.00 | 409.00 | OK |
Version: 0.1.8
Check: Rd cross-references
Result: NOTE
Found the following Rd file(s) with Rd \link{} targets missing package
anchors:
perProb.Rd: pMvdc
Please provide package anchors for all Rd \link{} targets not in the
package itself and the base packages.
Flavors: r-devel-linux-x86_64-debian-clang, r-devel-linux-x86_64-debian-gcc, r-devel-windows-x86_64
These binaries (installable software) and packages are in development.
They may not be fully stable and should be used with caution. We make no claims about them.