CRAN Package Check Results for Package pbv

Last updated on 2025-05-21 21:49:25 CEST.

Flavor Version Tinstall Tcheck Ttotal Status Flags
r-devel-linux-x86_64-debian-clang 0.5-47 16.31 24.56 40.87 NOTE
r-devel-linux-x86_64-debian-gcc 0.5-47 11.07 19.75 30.82 NOTE
r-devel-linux-x86_64-fedora-clang 0.5-47 67.60 OK
r-devel-linux-x86_64-fedora-gcc 0.5-47 67.58 OK
r-devel-windows-x86_64 0.5-47 21.00 61.00 82.00 OK
r-patched-linux-x86_64 0.5-47 14.34 22.63 36.97 OK
r-release-linux-x86_64 0.5-47 14.20 22.52 36.72 OK
r-release-macos-arm64 0.5-47 25.00 OK
r-release-macos-x86_64 0.5-47 60.00 OK
r-release-windows-x86_64 0.5-47 23.00 71.00 94.00 OK
r-oldrel-macos-arm64 0.5-47 25.00 OK
r-oldrel-macos-x86_64 0.5-47 35.00 OK
r-oldrel-windows-x86_64 0.5-47 24.00 73.00 97.00 OK

Check Details

Version: 0.5-47
Check: CRAN incoming feasibility
Result: NOTE Maintainer: ‘Alexander Robitzsch <robitzsch@ipn.uni-kiel.de>’ No Authors@R field in DESCRIPTION. Please add one, modifying Authors@R: person(given = "Alexander", family = "Robitzsch", role = c("aut", "cre"), email = "robitzsch@ipn.uni-kiel.de", comment = c(ORCID = "0000-0002-8226-3132")) as necessary. Flavors: r-devel-linux-x86_64-debian-clang, r-devel-linux-x86_64-debian-gcc

These binaries (installable software) and packages are in development.
They may not be fully stable and should be used with caution. We make no claims about them.