Last updated on 2025-07-02 01:51:45 CEST.
Flavor | Version | Tinstall | Tcheck | Ttotal | Status | Flags |
---|---|---|---|---|---|---|
r-devel-linux-x86_64-debian-clang | 1.5.4 | 1112.29 | 240.46 | 1352.75 | OK | |
r-devel-linux-x86_64-debian-gcc | 1.5.4 | 1022.55 | 242.18 | 1264.73 | OK | |
r-devel-linux-x86_64-fedora-clang | 1.5.4 | 1923.07 | NOTE | |||
r-devel-linux-x86_64-fedora-gcc | 1.5.4 | 2756.48 | NOTE | |||
r-devel-windows-x86_64 | 1.5.4 | 1165.00 | 383.00 | 1548.00 | OK | |
r-patched-linux-x86_64 | OK | |||||
r-release-linux-x86_64 | 1.5.4 | 1260.36 | 344.80 | 1605.16 | OK | |
r-release-macos-arm64 | 1.5.4 | 527.00 | OK | |||
r-release-macos-x86_64 | 1.5.4 | 666.00 | OK | |||
r-release-windows-x86_64 | 1.5.4 | 1144.00 | 373.00 | 1517.00 | OK | |
r-oldrel-macos-arm64 | 1.5.4 | 304.00 | NOTE | |||
r-oldrel-macos-x86_64 | 1.5.4 | 262.00 | NOTE | |||
r-oldrel-windows-x86_64 | 1.5.4 | 1287.00 | 508.00 | 1795.00 | NOTE |
Version: 1.5.4
Check: dependencies in R code
Result: NOTE
Namespace in Imports field not imported from: ‘rstantools’
All declared Imports should be used.
Flavors: r-devel-linux-x86_64-fedora-clang, r-devel-linux-x86_64-fedora-gcc
Version: 1.5.4
Check: installed package size
Result: NOTE
installed size is 154.6Mb
sub-directories of 1Mb or more:
doc 2.9Mb
libs 151.0Mb
Flavors: r-oldrel-macos-arm64, r-oldrel-macos-x86_64, r-oldrel-windows-x86_64
Version: 1.5.4
Check: for GNU extensions in Makefiles
Result: NOTE
GNU make is a SystemRequirements.
Flavors: r-oldrel-macos-arm64, r-oldrel-macos-x86_64, r-oldrel-windows-x86_64
These binaries (installable software) and packages are in development.
They may not be fully stable and should be used with caution. We make no claims about them.