Last updated on 2025-02-16 08:50:56 CET.
Flavor | Version | Tinstall | Tcheck | Ttotal | Status | Flags |
---|---|---|---|---|---|---|
r-devel-linux-x86_64-debian-clang | 1.2 | 3.88 | 28.75 | 32.63 | OK | |
r-devel-linux-x86_64-debian-gcc | 1.2 | 2.66 | 22.87 | 25.53 | OK | |
r-devel-linux-x86_64-fedora-clang | 1.2 | 54.06 | OK | |||
r-devel-linux-x86_64-fedora-gcc | 1.2 | 63.38 | OK | |||
r-devel-macos-arm64 | 1.2 | 23.00 | OK | |||
r-devel-macos-x86_64 | 1.2 | 42.00 | OK | |||
r-devel-windows-x86_64 | 1.2 | 6.00 | 52.00 | 58.00 | OK | |
r-patched-linux-x86_64 | 1.2 | 3.24 | 27.67 | 30.91 | NOTE | |
r-release-linux-x86_64 | 1.2 | 3.18 | 27.46 | 30.64 | NOTE | |
r-release-macos-arm64 | 1.2 | 27.00 | NOTE | |||
r-release-macos-x86_64 | 1.2 | 36.00 | NOTE | |||
r-release-windows-x86_64 | 1.2 | 6.00 | 53.00 | 59.00 | NOTE | |
r-oldrel-macos-arm64 | 1.2 | 27.00 | NOTE | |||
r-oldrel-macos-x86_64 | 1.2 | 35.00 | NOTE | |||
r-oldrel-windows-x86_64 | 1.2 | 7.00 | 52.00 | 59.00 | NOTE |
Version: 1.2
Check: LazyData
Result: NOTE
'LazyData' is specified without a 'data' directory
Flavors: r-patched-linux-x86_64, r-release-linux-x86_64, r-release-macos-arm64, r-release-macos-x86_64, r-release-windows-x86_64, r-oldrel-macos-arm64, r-oldrel-macos-x86_64, r-oldrel-windows-x86_64
These binaries (installable software) and packages are in development.
They may not be fully stable and should be used with caution. We make no claims about them.