CRAN Package Check Results for Package pcadapt

Last updated on 2025-07-26 21:50:00 CEST.

Flavor Version Tinstall Tcheck Ttotal Status Flags
r-devel-linux-x86_64-debian-clang 4.4.0 54.47 53.38 107.85 OK
r-devel-linux-x86_64-debian-gcc 4.4.1 41.48 38.85 80.33 OK
r-devel-linux-x86_64-fedora-clang 4.4.0 191.02 OK
r-devel-linux-x86_64-fedora-gcc 4.4.1 195.62 OK
r-devel-windows-x86_64 4.4.0 106.00 99.00 205.00 OK
r-patched-linux-x86_64 4.4.0 57.99 47.59 105.58 OK
r-release-linux-x86_64 4.4.1 55.41 46.82 102.23 OK
r-release-macos-arm64 4.4.0 45.00 OK
r-release-macos-x86_64 4.4.1 65.00 OK
r-release-windows-x86_64 4.4.1 89.00 86.00 175.00 OK
r-oldrel-macos-arm64 4.4.0 47.00 NOTE
r-oldrel-macos-x86_64 4.4.1 71.00 NOTE
r-oldrel-windows-x86_64 4.4.0 117.00 104.00 221.00 OK

Check Details

Version: 4.4.0
Check: installed package size
Result: NOTE installed size is 6.4Mb sub-directories of 1Mb or more: extdata 2.7Mb libs 3.0Mb Flavor: r-oldrel-macos-arm64

Version: 4.4.1
Check: installed package size
Result: NOTE installed size is 6.2Mb sub-directories of 1Mb or more: extdata 2.7Mb libs 2.8Mb Flavor: r-oldrel-macos-x86_64

These binaries (installable software) and packages are in development.
They may not be fully stable and should be used with caution. We make no claims about them.