CRAN Package Check Results for Package pcadapt

Last updated on 2025-02-23 07:52:03 CET.

Flavor Version Tinstall Tcheck Ttotal Status Flags
r-devel-linux-x86_64-debian-clang 4.4.0 53.40 45.28 98.68 OK
r-devel-linux-x86_64-debian-gcc 4.4.0 39.61 33.19 72.80 OK
r-devel-linux-x86_64-fedora-clang 4.4.0 189.15 OK
r-devel-linux-x86_64-fedora-gcc 4.4.0 183.97 OK
r-devel-macos-arm64 4.4.0 46.00 OK
r-devel-macos-x86_64 4.4.0 70.00 OK
r-devel-windows-x86_64 4.4.0 93.00 84.00 177.00 OK
r-patched-linux-x86_64 4.4.0 61.63 42.24 103.87 OK
r-release-linux-x86_64 4.4.0 56.75 41.82 98.57 OK
r-release-macos-arm64 4.4.0 47.00 NOTE
r-release-macos-x86_64 4.4.0 52.00 NOTE
r-release-windows-x86_64 4.4.0 95.00 79.00 174.00 OK
r-oldrel-macos-arm64 4.4.0 48.00 NOTE
r-oldrel-macos-x86_64 4.4.0 64.00 NOTE
r-oldrel-windows-x86_64 4.4.0 111.00 98.00 209.00 OK

Check Details

Version: 4.4.0
Check: installed package size
Result: NOTE installed size is 6.4Mb sub-directories of 1Mb or more: extdata 2.7Mb libs 3.0Mb Flavors: r-release-macos-arm64, r-release-macos-x86_64, r-oldrel-macos-arm64, r-oldrel-macos-x86_64

These binaries (installable software) and packages are in development.
They may not be fully stable and should be used with caution. We make no claims about them.