Last updated on 2025-05-08 04:52:13 CEST.
Flavor | Version | Tinstall | Tcheck | Ttotal | Status | Flags |
---|---|---|---|---|---|---|
r-devel-linux-x86_64-debian-clang | 4.4.0 | 55.56 | 52.64 | 108.20 | OK | |
r-devel-linux-x86_64-debian-gcc | 4.4.0 | 40.50 | 37.97 | 78.47 | OK | |
r-devel-linux-x86_64-fedora-clang | 4.4.0 | 200.38 | OK | |||
r-devel-linux-x86_64-fedora-gcc | 4.4.0 | 206.54 | OK | |||
r-devel-windows-x86_64 | 4.4.0 | 104.00 | 88.00 | 192.00 | OK | |
r-patched-linux-x86_64 | 4.4.0 | 59.27 | 47.59 | 106.86 | OK | |
r-release-linux-x86_64 | 4.4.0 | 56.09 | 49.16 | 105.25 | OK | |
r-release-macos-arm64 | 4.4.0 | 45.00 | OK | |||
r-release-macos-x86_64 | 4.4.0 | 63.00 | OK | |||
r-release-windows-x86_64 | 4.4.0 | 105.00 | 83.00 | 188.00 | OK | |
r-oldrel-macos-arm64 | 4.4.0 | 47.00 | NOTE | |||
r-oldrel-macos-x86_64 | 4.4.0 | 52.00 | NOTE | |||
r-oldrel-windows-x86_64 | 4.4.0 | 119.00 | 107.00 | 226.00 | OK |
Version: 4.4.0
Check: installed package size
Result: NOTE
installed size is 6.4Mb
sub-directories of 1Mb or more:
extdata 2.7Mb
libs 3.0Mb
Flavors: r-oldrel-macos-arm64, r-oldrel-macos-x86_64
These binaries (installable software) and packages are in development.
They may not be fully stable and should be used with caution. We make no claims about them.