CRAN Package Check Results for Package pcalg

Last updated on 2025-05-08 04:52:13 CEST.

Flavor Version Tinstall Tcheck Ttotal Status Flags
r-devel-linux-x86_64-debian-clang 2.7-12 85.21 345.01 430.22 OK
r-devel-linux-x86_64-debian-gcc 2.7-12 61.08 243.12 304.20 OK
r-devel-linux-x86_64-fedora-clang 2.7-12 756.56 OK
r-devel-linux-x86_64-fedora-gcc 2.7-12 708.74 OK
r-devel-windows-x86_64 2.7-12 96.00 381.00 477.00 OK
r-patched-linux-x86_64 2.7-12 92.84 327.49 420.33 OK
r-release-linux-x86_64 2.7-12 88.73 329.49 418.22 OK
r-release-macos-arm64 2.7-12 218.00 OK
r-release-macos-x86_64 2.7-12 363.00 OK
r-release-windows-x86_64 2.7-12 95.00 371.00 466.00 OK
r-oldrel-macos-arm64 2.7-12 179.00 NOTE
r-oldrel-macos-x86_64 2.7-12 320.00 NOTE
r-oldrel-windows-x86_64 2.7-12 117.00 473.00 590.00 NOTE

Check Details

Version: 2.7-12
Check: installed package size
Result: NOTE installed size is 11.4Mb sub-directories of 1Mb or more: data 2.1Mb libs 6.6Mb Flavors: r-oldrel-macos-arm64, r-oldrel-macos-x86_64, r-oldrel-windows-x86_64

These binaries (installable software) and packages are in development.
They may not be fully stable and should be used with caution. We make no claims about them.