CRAN Package Check Results for Package pcaone

Last updated on 2025-07-25 01:49:35 CEST.

Flavor Version Tinstall Tcheck Ttotal Status Flags
r-devel-linux-x86_64-debian-clang 1.1.0 49.29 26.98 76.27 OK
r-devel-linux-x86_64-debian-gcc 1.1.0 41.58 26.99 68.57 OK
r-devel-linux-x86_64-fedora-clang 1.1.0 116.06 OK
r-devel-linux-x86_64-fedora-gcc 1.1.0 129.27 OK
r-devel-windows-x86_64 1.1.0 60.00 83.00 143.00 OK
r-patched-linux-x86_64 1.1.0 53.58 30.81 84.39 OK
r-release-linux-x86_64 1.1.0 55.53 31.10 86.63 OK
r-release-macos-arm64 1.1.0 42.00 OK
r-release-macos-x86_64 1.1.0 73.00 OK
r-release-windows-x86_64 1.1.0 60.00 73.00 133.00 OK
r-oldrel-macos-arm64 1.1.0 39.00 NOTE
r-oldrel-macos-x86_64 1.1.0 74.00 NOTE
r-oldrel-windows-x86_64 1.1.0 70.00 81.00 151.00 NOTE

Check Details

Version: 1.1.0
Check: installed package size
Result: NOTE installed size is 27.6Mb sub-directories of 1Mb or more: libs 27.5Mb Flavors: r-oldrel-macos-arm64, r-oldrel-macos-x86_64

Version: 1.1.0
Check: for GNU extensions in Makefiles
Result: NOTE GNU make is a SystemRequirements. Flavors: r-oldrel-macos-arm64, r-oldrel-macos-x86_64, r-oldrel-windows-x86_64

These binaries (installable software) and packages are in development.
They may not be fully stable and should be used with caution. We make no claims about them.