Last updated on 2025-05-08 04:52:13 CEST.
Flavor | Version | Tinstall | Tcheck | Ttotal | Status | Flags |
---|---|---|---|---|---|---|
r-devel-linux-x86_64-debian-clang | 1.0.5 | 35.07 | 55.62 | 90.69 | NOTE | |
r-devel-linux-x86_64-debian-gcc | 1.0.5 | 25.22 | 44.21 | 69.43 | NOTE | |
r-devel-linux-x86_64-fedora-clang | 1.0.5 | 149.47 | NOTE | |||
r-devel-linux-x86_64-fedora-gcc | 1.0.5 | 145.97 | NOTE | |||
r-devel-windows-x86_64 | 1.0.5 | 28.00 | 93.00 | 121.00 | NOTE | |
r-patched-linux-x86_64 | 1.0.5 | 42.04 | 53.44 | 95.48 | NOTE | |
r-release-linux-x86_64 | 1.0.5 | 37.09 | 52.81 | 89.90 | NOTE | |
r-release-macos-arm64 | 1.0.5 | 55.00 | NOTE | |||
r-release-macos-x86_64 | 1.0.5 | 90.00 | NOTE | |||
r-release-windows-x86_64 | 1.0.5 | 27.00 | 93.00 | 120.00 | NOTE | |
r-oldrel-macos-arm64 | 1.0.5 | 53.00 | NOTE | |||
r-oldrel-macos-x86_64 | 1.0.5 | 77.00 | NOTE | |||
r-oldrel-windows-x86_64 | 1.0.5 | 44.00 | 109.00 | 153.00 | NOTE |
Version: 1.0.5
Check: C++ specification
Result: NOTE
Specified C++11: please drop specification unless essential
Flavors: r-devel-linux-x86_64-debian-clang, r-devel-linux-x86_64-debian-gcc, r-devel-linux-x86_64-fedora-clang, r-devel-linux-x86_64-fedora-gcc, r-devel-windows-x86_64, r-patched-linux-x86_64, r-release-linux-x86_64, r-release-macos-arm64, r-release-macos-x86_64, r-release-windows-x86_64, r-oldrel-macos-arm64, r-oldrel-macos-x86_64, r-oldrel-windows-x86_64
These binaries (installable software) and packages are in development.
They may not be fully stable and should be used with caution. We make no claims about them.