Last updated on 2024-07-27 15:50:28 CEST.
Flavor | Version | Tinstall | Tcheck | Ttotal | Status | Flags |
---|---|---|---|---|---|---|
r-devel-linux-x86_64-debian-clang | 1.0.5 | 44.51 | 67.88 | 112.39 | NOTE | |
r-devel-linux-x86_64-debian-gcc | 1.0.5 | NOTE | ||||
r-devel-linux-x86_64-fedora-clang | 1.0.5 | 167.84 | NOTE | |||
r-devel-linux-x86_64-fedora-gcc | 1.0.5 | 141.94 | NOTE | |||
r-devel-windows-x86_64 | 1.0.5 | 38.00 | 94.00 | 132.00 | NOTE | |
r-patched-linux-x86_64 | 1.0.5 | NOTE | ||||
r-release-linux-x86_64 | 1.0.5 | 37.86 | 65.09 | 102.95 | NOTE | |
r-release-macos-arm64 | 1.0.5 | 53.00 | NOTE | |||
r-release-macos-x86_64 | 1.0.5 | 77.00 | NOTE | |||
r-release-windows-x86_64 | 1.0.5 | 43.00 | 89.00 | 132.00 | NOTE | |
r-oldrel-macos-arm64 | 1.0.5 | 65.00 | NOTE | |||
r-oldrel-macos-x86_64 | 1.0.5 | 90.00 | NOTE | |||
r-oldrel-windows-x86_64 | 1.0.5 | 46.00 | 107.00 | 153.00 | NOTE |
Version: 1.0.5
Check: C++ specification
Result: NOTE
Specified C++11: please drop specification unless essential
Flavors: r-devel-linux-x86_64-debian-clang, r-devel-linux-x86_64-debian-gcc, r-devel-linux-x86_64-fedora-clang, r-devel-linux-x86_64-fedora-gcc, r-devel-windows-x86_64, r-patched-linux-x86_64, r-release-linux-x86_64, r-release-macos-arm64, r-release-macos-x86_64, r-release-windows-x86_64, r-oldrel-macos-arm64, r-oldrel-macos-x86_64, r-oldrel-windows-x86_64
These binaries (installable software) and packages are in development.
They may not be fully stable and should be used with caution. We make no claims about them.