CRAN Package Check Results for Package pccc

Last updated on 2025-11-13 15:51:19 CET.

Flavor Version Tinstall Tcheck Ttotal Status Flags
r-devel-linux-x86_64-debian-clang 1.0.6 33.39 62.22 95.61 OK
r-devel-linux-x86_64-debian-gcc 1.0.6 15.26 47.03 62.29 OK
r-devel-linux-x86_64-fedora-clang 1.0.6 68.00 81.45 149.45 OK
r-devel-linux-x86_64-fedora-gcc 1.0.6 47.00 95.82 142.82 OK
r-devel-windows-x86_64 1.0.6 42.00 101.00 143.00 OK
r-patched-linux-x86_64 1.0.6 39.13 58.65 97.78 OK
r-release-linux-x86_64 1.0.6 41.48 59.18 100.66 OK
r-release-macos-arm64 1.0.6 15.00 40.00 55.00 OK
r-release-macos-x86_64 1.0.6 28.00 99.00 127.00 OK
r-release-windows-x86_64 1.0.6 43.00 94.00 137.00 OK
r-oldrel-macos-arm64 1.0.6 15.00 60.00 75.00 NOTE
r-oldrel-macos-x86_64 1.0.6 20.00 90.00 110.00 OK
r-oldrel-windows-x86_64 1.0.6 46.00 118.00 164.00 OK

Check Details

Version: 1.0.6
Check: installed package size
Result: NOTE installed size is 5.2Mb sub-directories of 1Mb or more: libs 3.1Mb Flavor: r-oldrel-macos-arm64

These binaries (installable software) and packages are in development.
They may not be fully stable and should be used with caution. We make no claims about them.