Last updated on 2025-02-16 08:50:56 CET.
Flavor | Version | Tinstall | Tcheck | Ttotal | Status | Flags |
---|---|---|---|---|---|---|
r-devel-linux-x86_64-debian-clang | 0.1.8 | 44.43 | 267.68 | 312.11 | OK | |
r-devel-linux-x86_64-debian-gcc | 0.1.8 | 28.60 | 189.09 | 217.69 | OK | |
r-devel-linux-x86_64-fedora-clang | 0.1.8 | 552.24 | OK | |||
r-devel-linux-x86_64-fedora-gcc | 0.1.8 | 504.76 | OK | |||
r-devel-macos-arm64 | 0.1.8 | 199.00 | OK | |||
r-devel-macos-x86_64 | 0.1.8 | 355.00 | OK | |||
r-devel-windows-x86_64 | 0.1.8 | 37.00 | 295.00 | 332.00 | OK | |
r-patched-linux-x86_64 | 0.1.8 | 49.03 | 252.71 | 301.74 | OK | |
r-release-linux-x86_64 | 0.1.8 | 40.02 | 252.64 | 292.66 | OK | |
r-release-macos-arm64 | 0.1.8 | 199.00 | NOTE | |||
r-release-macos-x86_64 | 0.1.8 | 369.00 | NOTE | |||
r-release-windows-x86_64 | 0.1.8 | 38.00 | 296.00 | 334.00 | OK | |
r-oldrel-macos-arm64 | 0.1.8 | 135.00 | OK | |||
r-oldrel-macos-x86_64 | 0.1.8 | 269.00 | NOTE | |||
r-oldrel-windows-x86_64 | 0.1.8 | 44.00 | 342.00 | 386.00 | OK |
Version: 0.1.8
Check: installed package size
Result: NOTE
installed size is 5.4Mb
sub-directories of 1Mb or more:
R 2.0Mb
doc 1.7Mb
help 1.4Mb
Flavors: r-release-macos-arm64, r-release-macos-x86_64, r-oldrel-macos-x86_64
These binaries (installable software) and packages are in development.
They may not be fully stable and should be used with caution. We make no claims about them.