Last updated on 2025-07-02 01:51:45 CEST.
Flavor | Version | Tinstall | Tcheck | Ttotal | Status | Flags |
---|---|---|---|---|---|---|
r-devel-linux-x86_64-debian-clang | 0.1.8 | 34.03 | 270.01 | 304.04 | OK | |
r-devel-linux-x86_64-debian-gcc | 0.1.8 | 23.20 | 202.74 | 225.94 | OK | |
r-devel-linux-x86_64-fedora-clang | 0.1.8 | 516.72 | OK | |||
r-devel-linux-x86_64-fedora-gcc | 0.1.8 | 504.67 | OK | |||
r-devel-windows-x86_64 | 0.1.8 | 34.00 | 344.00 | 378.00 | OK | |
r-patched-linux-x86_64 | OK | |||||
r-release-linux-x86_64 | 0.1.8 | 37.43 | 261.95 | 299.38 | OK | |
r-release-macos-arm64 | 0.1.8 | 191.00 | OK | |||
r-release-macos-x86_64 | 0.1.8 | 355.00 | OK | |||
r-release-windows-x86_64 | 0.1.8 | 40.00 | 370.00 | 410.00 | OK | |
r-oldrel-macos-arm64 | 0.1.8 | 199.00 | NOTE | |||
r-oldrel-macos-x86_64 | 0.1.8 | 369.00 | NOTE | |||
r-oldrel-windows-x86_64 | 0.1.8 | 47.00 | 351.00 | 398.00 | OK |
Version: 0.1.8
Check: installed package size
Result: NOTE
installed size is 5.4Mb
sub-directories of 1Mb or more:
R 2.0Mb
doc 1.7Mb
help 1.4Mb
Flavors: r-oldrel-macos-arm64, r-oldrel-macos-x86_64
These binaries (installable software) and packages are in development.
They may not be fully stable and should be used with caution. We make no claims about them.