Last updated on 2025-11-12 23:50:52 CET.
| Flavor | Version | Tinstall | Tcheck | Ttotal | Status | Flags |
|---|---|---|---|---|---|---|
| r-devel-linux-x86_64-debian-clang | 0.1.8 | 33.17 | 280.43 | 313.60 | OK | |
| r-devel-linux-x86_64-debian-gcc | 0.1.8 | 23.21 | 202.70 | 225.91 | OK | |
| r-devel-linux-x86_64-fedora-clang | 0.1.8 | 171.00 | 384.77 | 555.77 | OK | |
| r-devel-linux-x86_64-fedora-gcc | 0.1.8 | 74.00 | 385.95 | 459.95 | OK | |
| r-devel-windows-x86_64 | 0.1.8 | 35.00 | 369.00 | 404.00 | OK | |
| r-patched-linux-x86_64 | 0.1.8 | 50.76 | 273.63 | 324.39 | OK | |
| r-release-linux-x86_64 | 0.1.8 | 41.33 | 274.08 | 315.41 | OK | |
| r-release-macos-arm64 | 0.1.8 | 34.00 | 157.00 | 191.00 | OK | |
| r-release-macos-x86_64 | 0.1.8 | 44.00 | 311.00 | 355.00 | OK | |
| r-release-windows-x86_64 | 0.1.8 | 37.00 | 305.00 | 342.00 | OK | |
| r-oldrel-macos-arm64 | 0.1.8 | 38.00 | 161.00 | 199.00 | NOTE | |
| r-oldrel-macos-x86_64 | 0.1.8 | 32.00 | 337.00 | 369.00 | NOTE | |
| r-oldrel-windows-x86_64 | 0.1.8 | 53.00 | 381.00 | 434.00 | OK |
Version: 0.1.8
Check: installed package size
Result: NOTE
installed size is 5.4Mb
sub-directories of 1Mb or more:
R 2.0Mb
doc 1.7Mb
help 1.4Mb
Flavors: r-oldrel-macos-arm64, r-oldrel-macos-x86_64
These binaries (installable software) and packages are in development.
They may not be fully stable and should be used with caution. We make no claims about them.