Last updated on 2024-07-27 15:50:28 CEST.
Flavor | Version | Tinstall | Tcheck | Ttotal | Status | Flags |
---|---|---|---|---|---|---|
r-devel-linux-x86_64-debian-clang | 2.2.2 | 3.57 | 47.45 | 51.02 | OK | |
r-devel-linux-x86_64-debian-gcc | 2.2.2 | OK | ||||
r-devel-linux-x86_64-fedora-clang | 2.2.2 | 65.01 | OK | |||
r-devel-linux-x86_64-fedora-gcc | 2.2.2 | 72.63 | OK | |||
r-devel-windows-x86_64 | 2.2.2 | 5.00 | 68.00 | 73.00 | OK | |
r-patched-linux-x86_64 | 2.2.2 | OK | ||||
r-release-linux-x86_64 | 2.2.2 | 2.93 | 44.77 | 47.70 | OK | |
r-release-macos-arm64 | 2.2.2 | 26.00 | OK | |||
r-release-macos-x86_64 | 2.2.2 | 39.00 | WARN | |||
r-release-windows-x86_64 | 2.2.2 | 5.00 | 66.00 | 71.00 | OK | |
r-oldrel-macos-arm64 | 2.2.2 | 31.00 | OK | |||
r-oldrel-macos-x86_64 | 2.2.2 | 45.00 | OK | |||
r-oldrel-windows-x86_64 | 2.2.2 | 3.00 | 68.00 | 71.00 | OK |
Version: 2.2.2
Check: re-building of vignette outputs
Result: WARN
Error(s) in re-building vignettes:
...
--- re-building ‘pcev.Rnw’ using knitr
Error: processing vignette 'pcev.Rnw' failed with diagnostics:
Running 'texi2dvi' on 'pcev.tex' failed.
LaTeX errors:
! Undefined control sequence.
l.121 \hlkwd{library}\hldef
{(pcev)}
?
! Emergency stop.
! Emergency stop.
l.121
End of file on the terminal!
! ==> Fatal error occurred, no output PDF file produced!
--- failed re-building ‘pcev.Rnw’
SUMMARY: processing the following file failed:
‘pcev.Rnw’
Error: Vignette re-building failed.
Execution halted
Flavor: r-release-macos-x86_64
These binaries (installable software) and packages are in development.
They may not be fully stable and should be used with caution. We make no claims about them.