Last updated on 2025-10-23 23:49:39 CEST.
Flavor | Version | Tinstall | Tcheck | Ttotal | Status | Flags |
---|---|---|---|---|---|---|
r-devel-linux-x86_64-debian-clang | 2.2.2 | 2.75 | 40.54 | 43.29 | NOTE | |
r-devel-linux-x86_64-debian-gcc | 2.2.2 | 2.10 | 32.07 | 34.17 | NOTE | |
r-devel-linux-x86_64-fedora-clang | 2.2.2 | 62.04 | OK | |||
r-devel-linux-x86_64-fedora-gcc | 2.2.2 | 73.78 | OK | |||
r-devel-windows-x86_64 | 2.2.2 | 3.00 | 68.00 | 71.00 | OK | |
r-patched-linux-x86_64 | 2.2.2 | 2.70 | 37.17 | 39.87 | OK | |
r-release-linux-x86_64 | 2.2.2 | 2.45 | 37.23 | 39.68 | OK | |
r-release-macos-arm64 | 2.2.2 | 2.00 | 29.00 | 31.00 | OK | |
r-release-macos-x86_64 | 2.2.2 | 3.00 | 53.00 | 56.00 | OK | |
r-release-windows-x86_64 | 2.2.2 | 6.00 | 66.00 | 72.00 | OK | |
r-oldrel-macos-arm64 | 2.2.2 | 1.00 | 25.00 | 26.00 | OK | |
r-oldrel-macos-x86_64 | 2.2.2 | 4.00 | 70.00 | 74.00 | OK | |
r-oldrel-windows-x86_64 | 2.2.2 | 4.00 | 74.00 | 78.00 | OK |
Version: 2.2.2
Check: CRAN incoming feasibility
Result: NOTE
Maintainer: ‘Maxime Turgeon <maxime.turgeon@mail.mcgill.ca>’
Package CITATION file contains call(s) to old-style personList() or
as.personList(). Please use c() on person objects instead.
Package CITATION file contains call(s) to old-style citEntry(). Please
use bibentry() instead.
Flavors: r-devel-linux-x86_64-debian-clang, r-devel-linux-x86_64-debian-gcc
Version: 2.2.2
Check: HTML version of manual
Result: NOTE
Found the following HTML validation problems:
permutePval.html:77:1 (permutePval.Rd:33): Warning: missing </ul> before </div>
Flavor: r-devel-linux-x86_64-debian-clang
These binaries (installable software) and packages are in development.
They may not be fully stable and should be used with caution. We make no claims about them.