CRAN Package Check Results for Package pcev

Last updated on 2025-11-13 07:51:01 CET.

Flavor Version Tinstall Tcheck Ttotal Status Flags
r-devel-linux-x86_64-debian-clang 2.2.2 2.48 39.87 42.35 NOTE
r-devel-linux-x86_64-debian-gcc 2.2.2 1.85 31.34 33.19 NOTE
r-devel-linux-x86_64-fedora-clang 2.2.2 61.91 OK
r-devel-linux-x86_64-fedora-gcc 2.2.2 74.76 OK
r-devel-windows-x86_64 2.2.2 6.00 66.00 72.00 OK
r-patched-linux-x86_64 2.2.2 2.60 37.77 40.37 OK
r-release-linux-x86_64 2.2.2 2.57 37.74 40.31 OK
r-release-macos-arm64 2.2.2 2.00 29.00 31.00 OK
r-release-macos-x86_64 2.2.2 3.00 53.00 56.00 OK
r-release-windows-x86_64 2.2.2 4.00 63.00 67.00 OK
r-oldrel-macos-arm64 2.2.2 1.00 25.00 26.00 OK
r-oldrel-macos-x86_64 2.2.2 4.00 70.00 74.00 OK
r-oldrel-windows-x86_64 2.2.2 4.00 74.00 78.00 OK

Check Details

Version: 2.2.2
Check: CRAN incoming feasibility
Result: NOTE Maintainer: ‘Maxime Turgeon <maxime.turgeon@mail.mcgill.ca>’ Package CITATION file contains call(s) to old-style personList() or as.personList(). Please use c() on person objects instead. Package CITATION file contains call(s) to old-style citEntry(). Please use bibentry() instead. Flavors: r-devel-linux-x86_64-debian-clang, r-devel-linux-x86_64-debian-gcc

These binaries (installable software) and packages are in development.
They may not be fully stable and should be used with caution. We make no claims about them.