CRAN Package Check Results for Package pch

Last updated on 2025-07-01 15:49:57 CEST.

Flavor Version Tinstall Tcheck Ttotal Status Flags
r-devel-linux-x86_64-debian-clang 2.1 12.07 88.62 100.69 NOTE
r-devel-linux-x86_64-debian-gcc 2.1 7.89 63.58 71.47 NOTE
r-devel-linux-x86_64-fedora-clang 2.1 147.57 OK
r-devel-linux-x86_64-fedora-gcc 2.1 138.47 OK
r-devel-windows-x86_64 2.1 12.00 94.00 106.00 NOTE
r-patched-linux-x86_64 NOTE
r-release-linux-x86_64 2.1 11.60 83.71 95.31 NOTE
r-release-macos-arm64 2.1 41.00 OK
r-release-macos-x86_64 2.1 76.00 OK
r-release-windows-x86_64 2.1 13.00 92.00 105.00 NOTE
r-oldrel-macos-arm64 2.1 41.00 OK
r-oldrel-macos-x86_64 2.1 65.00 OK
r-oldrel-windows-x86_64 2.1 18.00 115.00 133.00 OK

Check Details

Version: 2.1
Check: CRAN incoming feasibility
Result: NOTE Maintainer: ‘Paolo Frumento <paolo.frumento@unipi.it>’ No Authors@R field in DESCRIPTION. Please add one, modifying Authors@R: person(given = "Paolo", family = "Frumento", role = c("aut", "cre"), email = "paolo.frumento@unipi.it") as necessary. Flavors: r-devel-linux-x86_64-debian-clang, r-devel-linux-x86_64-debian-gcc

Version: 2.1
Check: Rd cross-references
Result: NOTE Found the following Rd file(s) with Rd \link{} targets missing package anchors: pchreg.Rd: Surv Please provide package anchors for all Rd \link{} targets not in the package itself and the base packages. Flavors: r-devel-linux-x86_64-debian-clang, r-devel-linux-x86_64-debian-gcc, r-devel-windows-x86_64, r-patched-linux-x86_64, r-release-linux-x86_64, r-release-windows-x86_64

These binaries (installable software) and packages are in development.
They may not be fully stable and should be used with caution. We make no claims about them.