Last updated on 2025-07-02 01:51:45 CEST.
Flavor | Version | Tinstall | Tcheck | Ttotal | Status | Flags |
---|---|---|---|---|---|---|
r-devel-linux-x86_64-debian-clang | 0.1.3 | 12.16 | 121.60 | 133.76 | OK | |
r-devel-linux-x86_64-debian-gcc | 0.1.3 | 7.04 | 84.63 | 91.67 | OK | |
r-devel-linux-x86_64-fedora-clang | 0.1.3 | 120.17 | OK | |||
r-devel-linux-x86_64-fedora-gcc | 0.1.3 | 213.95 | OK | |||
r-devel-windows-x86_64 | 0.1.3 | 13.00 | 149.00 | 162.00 | OK | |
r-patched-linux-x86_64 | OK | |||||
r-release-linux-x86_64 | 0.1.3 | 9.96 | 112.29 | 122.25 | OK | |
r-release-macos-arm64 | 0.1.3 | 71.00 | OK | |||
r-release-macos-x86_64 | 0.1.3 | 111.00 | OK | |||
r-release-windows-x86_64 | 0.1.3 | 13.00 | 153.00 | 166.00 | OK | |
r-oldrel-macos-arm64 | 0.1.3 | 63.00 | OK | |||
r-oldrel-macos-x86_64 | 0.1.3 | 79.00 | NOTE | |||
r-oldrel-windows-x86_64 | 0.1.3 | 19.00 | 171.00 | 190.00 | OK |
Version: 0.1.3
Check: package dependencies
Result: NOTE
Package suggested but not available for checking: ‘ggtreeExtra’
Flavor: r-oldrel-macos-x86_64
These binaries (installable software) and packages are in development.
They may not be fully stable and should be used with caution. We make no claims about them.