Last updated on 2025-10-23 11:50:22 CEST.
Flavor | Version | Tinstall | Tcheck | Ttotal | Status | Flags |
---|---|---|---|---|---|---|
r-devel-linux-x86_64-debian-clang | 0.1.3 | 15.08 | 136.69 | 151.77 | OK | |
r-devel-linux-x86_64-debian-gcc | 0.1.3 | 9.40 | 93.44 | 102.84 | OK | |
r-devel-linux-x86_64-fedora-clang | 0.1.3 | 109.00 | 147.85 | 256.85 | OK | |
r-devel-linux-x86_64-fedora-gcc | 0.1.3 | 77.00 | 177.08 | 254.08 | OK | |
r-devel-windows-x86_64 | 0.1.3 | 16.00 | 162.00 | 178.00 | OK | |
r-patched-linux-x86_64 | 0.1.3 | 14.01 | 126.86 | 140.87 | OK | |
r-release-linux-x86_64 | 0.1.3 | 14.18 | 126.36 | 140.54 | OK | |
r-release-macos-arm64 | 0.1.3 | 5.00 | 66.00 | 71.00 | OK | |
r-release-macos-x86_64 | 0.1.3 | 8.00 | 103.00 | 111.00 | OK | |
r-release-windows-x86_64 | 0.1.3 | 17.00 | 153.00 | 170.00 | OK | |
r-oldrel-macos-arm64 | 0.1.3 | 4.00 | 59.00 | 63.00 | OK | |
r-oldrel-macos-x86_64 | 0.1.3 | 6.00 | 73.00 | 79.00 | NOTE | |
r-oldrel-windows-x86_64 | 0.1.3 | 22.00 | 192.00 | 214.00 | OK |
Version: 0.1.3
Check: package dependencies
Result: NOTE
Package suggested but not available for checking: ‘ggtreeExtra’
Flavor: r-oldrel-macos-x86_64
These binaries (installable software) and packages are in development.
They may not be fully stable and should be used with caution. We make no claims about them.