Last updated on 2025-02-16 08:50:56 CET.
Flavor | Version | Tinstall | Tcheck | Ttotal | Status | Flags |
---|---|---|---|---|---|---|
r-devel-linux-x86_64-debian-clang | 0.1.3 | 11.29 | 111.51 | 122.80 | OK | |
r-devel-linux-x86_64-debian-gcc | 0.1.3 | 7.07 | 76.71 | 83.78 | OK | |
r-devel-linux-x86_64-fedora-clang | 0.1.3 | 212.72 | OK | |||
r-devel-linux-x86_64-fedora-gcc | 0.1.3 | 214.02 | OK | |||
r-devel-macos-arm64 | 0.1.3 | 67.00 | OK | |||
r-devel-macos-x86_64 | 0.1.3 | 111.00 | OK | |||
r-devel-windows-x86_64 | 0.1.3 | 13.00 | 131.00 | 144.00 | OK | |
r-patched-linux-x86_64 | 0.1.3 | 9.17 | 102.67 | 111.84 | OK | |
r-release-linux-x86_64 | 0.1.3 | 10.35 | 102.56 | 112.91 | OK | |
r-release-macos-arm64 | 0.1.3 | 63.00 | OK | |||
r-release-macos-x86_64 | 0.1.3 | 79.00 | NOTE | |||
r-release-windows-x86_64 | 0.1.3 | 14.00 | 131.00 | 145.00 | OK | |
r-oldrel-macos-arm64 | 0.1.3 | 60.00 | NOTE | |||
r-oldrel-macos-x86_64 | 0.1.3 | 88.00 | NOTE | |||
r-oldrel-windows-x86_64 | 0.1.3 | 17.00 | 168.00 | 185.00 | OK |
Version: 0.1.3
Check: package dependencies
Result: NOTE
Package suggested but not available for checking: ‘ggtreeExtra’
Flavors: r-release-macos-x86_64, r-oldrel-macos-arm64, r-oldrel-macos-x86_64
These binaries (installable software) and packages are in development.
They may not be fully stable and should be used with caution. We make no claims about them.