Last updated on 2025-02-19 17:50:59 CET.
Flavor | Version | Tinstall | Tcheck | Ttotal | Status | Flags |
---|---|---|---|---|---|---|
r-devel-linux-x86_64-debian-clang | 0.15.7 | 39.14 | 221.83 | 260.97 | NOTE | |
r-devel-linux-x86_64-debian-gcc | 0.15.7 | 21.45 | 156.76 | 178.21 | NOTE | |
r-devel-linux-x86_64-fedora-clang | 0.15.7 | 415.55 | OK | |||
r-devel-linux-x86_64-fedora-gcc | 0.15.7 | 416.89 | OK | |||
r-devel-macos-arm64 | 0.15.7 | 108.00 | OK | |||
r-devel-macos-x86_64 | 0.15.7 | 241.00 | OK | |||
r-devel-windows-x86_64 | 0.15.7 | 37.00 | 234.00 | 271.00 | NOTE | |
r-patched-linux-x86_64 | 0.15.7 | 41.71 | 205.65 | 247.36 | OK | |
r-release-linux-x86_64 | 0.15.7 | 31.49 | 205.44 | 236.93 | OK | |
r-release-macos-arm64 | 0.15.7 | 112.00 | OK | |||
r-release-macos-x86_64 | 0.15.7 | 216.00 | OK | |||
r-release-windows-x86_64 | 0.15.7 | 38.00 | 240.00 | 278.00 | OK | |
r-oldrel-macos-arm64 | 0.15.7 | 122.00 | OK | |||
r-oldrel-macos-x86_64 | 0.15.7 | 216.00 | OK | |||
r-oldrel-windows-x86_64 | 0.15.7 | 50.00 | 291.00 | 341.00 | OK |
Version: 0.15.7
Check: Rd cross-references
Result: NOTE
Found the following Rd file(s) with Rd \link{} targets missing package
anchors:
FittedPeriodicArmaModel-class.Rd: VirtualArmaFilter-class,
InterceptSpec-class, VirtualMonicFilter-class
PartialPeriodicAutocorrelations-class.Rd: FlexibleLagged-class,
Lagged-class
PeriodicArmaFilter-class.Rd: VirtualArmaFilter-class,
VirtualMonicFilter-class
PeriodicAutocorrelations-class.Rd: FlexibleLagged-class, Lagged-class
PeriodicAutocovariances-class.Rd: FlexibleLagged-class, Lagged-class
PeriodicBJFilter-class.Rd: VirtualBJFilter-class,
VirtualMonicFilterSpec-class, VirtualMonicFilter-class
PeriodicInterceptSpec-class.Rd: index-class, replValue-class,
number-class, atomicVector-class
PeriodicMTS-class.Rd: optionalMatrix-class
PeriodicSPFilter-class.Rd: VirtualSPFilter-class,
VirtualMonicFilterSpec-class, VirtualMonicFilter-class
PeriodicTS-class.Rd: index-class, replValue-class, number-class,
atomicVector-class
PeriodicVector-class.Rd: atomicVector-class, index-class,
number-class, replValue-class
SamplePeriodicAutocorrelations-class.Rd: Fitted-class,
FlexibleLagged-class, Lagged-class
SamplePeriodicAutocovariances-class.Rd: Fitted-class,
FlexibleLagged-class, Lagged-class
partialAutocorrelations-methods.Rd: partialAutocovariances
pcacfMat.Rd: slMatrix-class
sim_parCoef.Rd: sim_pcfilter, sim_mc
Please provide package anchors for all Rd \link{} targets not in the
package itself and the base packages.
Flavors: r-devel-linux-x86_64-debian-clang, r-devel-linux-x86_64-debian-gcc, r-devel-windows-x86_64
These binaries (installable software) and packages are in development.
They may not be fully stable and should be used with caution. We make no claims about them.