Last updated on 2025-02-19 17:50:59 CET.
Flavor | Version | Tinstall | Tcheck | Ttotal | Status | Flags |
---|---|---|---|---|---|---|
r-devel-linux-x86_64-debian-clang | 1.1.0 | 2.02 | 23.55 | 25.57 | NOTE | |
r-devel-linux-x86_64-debian-gcc | 1.1.0 | 1.65 | 18.69 | 20.34 | NOTE | |
r-devel-linux-x86_64-fedora-clang | 1.1.0 | 39.34 | NOTE | |||
r-devel-linux-x86_64-fedora-gcc | 1.1.0 | 38.58 | NOTE | |||
r-devel-macos-arm64 | 1.1.0 | 16.00 | NOTE | |||
r-devel-macos-x86_64 | 1.1.0 | 26.00 | NOTE | |||
r-devel-windows-x86_64 | 1.1.0 | 3.00 | 45.00 | 48.00 | NOTE | |
r-patched-linux-x86_64 | 1.1.0 | 2.26 | 22.81 | 25.07 | NOTE | |
r-release-linux-x86_64 | 1.1.0 | 2.04 | 22.55 | 24.59 | NOTE | |
r-release-macos-arm64 | 1.1.0 | 15.00 | NOTE | |||
r-release-macos-x86_64 | 1.1.0 | 24.00 | NOTE | |||
r-release-windows-x86_64 | 1.1.0 | 4.00 | 45.00 | 49.00 | NOTE | |
r-oldrel-macos-arm64 | 1.1.0 | 18.00 | OK | |||
r-oldrel-macos-x86_64 | 1.1.0 | 38.00 | OK | |||
r-oldrel-windows-x86_64 | 1.1.0 | 3.00 | 49.00 | 52.00 | OK |
Version: 1.1.0
Check: Rd files
Result: NOTE
checkRd: (-1) pcvpcr.Rd:42: Lost braces; missing escapes or markup?
42 | set {X, y} and cross-validation.
| ^
checkRd: (-1) pcvpls.Rd:42: Lost braces; missing escapes or markup?
42 | set {X, y} and cross-validation.
| ^
Flavors: r-devel-linux-x86_64-debian-clang, r-devel-linux-x86_64-debian-gcc, r-devel-linux-x86_64-fedora-clang, r-devel-linux-x86_64-fedora-gcc, r-devel-macos-arm64, r-devel-macos-x86_64, r-devel-windows-x86_64, r-patched-linux-x86_64, r-release-linux-x86_64, r-release-macos-arm64, r-release-macos-x86_64, r-release-windows-x86_64
These binaries (installable software) and packages are in development.
They may not be fully stable and should be used with caution. We make no claims about them.