Last updated on 2025-02-16 08:50:56 CET.
Flavor | Version | Tinstall | Tcheck | Ttotal | Status | Flags |
---|---|---|---|---|---|---|
r-devel-linux-x86_64-debian-clang | 1.2.4 | 70.73 | 80.93 | 151.66 | NOTE | |
r-devel-linux-x86_64-debian-gcc | 1.2.4 | 50.29 | 57.69 | 107.98 | NOTE | |
r-devel-linux-x86_64-fedora-clang | 1.2.4 | 288.64 | NOTE | |||
r-devel-linux-x86_64-fedora-gcc | 1.2.4 | 294.96 | NOTE | |||
r-devel-macos-arm64 | 1.2.4 | 71.00 | NOTE | |||
r-devel-macos-x86_64 | 1.2.4 | 113.00 | NOTE | |||
r-devel-windows-x86_64 | 1.2.4 | 72.00 | 122.00 | 194.00 | NOTE | |
r-patched-linux-x86_64 | 1.2.4 | 72.40 | 74.56 | 146.96 | NOTE | |
r-release-linux-x86_64 | 1.2.4 | 68.90 | 74.85 | 143.75 | NOTE | |
r-release-macos-arm64 | 1.2.4 | 78.00 | NOTE | |||
r-release-macos-x86_64 | 1.2.4 | 108.00 | NOTE | |||
r-release-windows-x86_64 | 1.2.4 | 70.00 | 117.00 | 187.00 | NOTE | |
r-oldrel-macos-arm64 | 1.2.4 | 81.00 | NOTE | |||
r-oldrel-macos-x86_64 | 1.2.4 | 131.00 | NOTE | |||
r-oldrel-windows-x86_64 | 1.2.4 | 89.00 | 153.00 | 242.00 | NOTE |
Version: 1.2.4
Check: C++ specification
Result: NOTE
Specified C++11: please drop specification unless essential
Flavors: r-devel-linux-x86_64-debian-clang, r-devel-linux-x86_64-debian-gcc, r-devel-linux-x86_64-fedora-clang, r-devel-linux-x86_64-fedora-gcc, r-devel-macos-arm64, r-devel-macos-x86_64, r-devel-windows-x86_64, r-patched-linux-x86_64, r-release-linux-x86_64, r-release-macos-arm64, r-release-macos-x86_64, r-release-windows-x86_64, r-oldrel-macos-arm64, r-oldrel-macos-x86_64, r-oldrel-windows-x86_64
Version: 1.2.4
Check: Rd files
Result: NOTE
checkRd: (-1) pdkMeans.Rd:63: Lost braces
63 | \cite{C18}{pdSpecEst} for more details. Note that this comes at the cost of increased computation time in comparison to one
| ^
Flavors: r-devel-linux-x86_64-debian-clang, r-devel-linux-x86_64-debian-gcc, r-devel-linux-x86_64-fedora-clang, r-devel-linux-x86_64-fedora-gcc, r-devel-macos-arm64, r-devel-macos-x86_64, r-devel-windows-x86_64, r-patched-linux-x86_64, r-release-linux-x86_64, r-release-macos-arm64, r-release-macos-x86_64, r-release-windows-x86_64
Version: 1.2.4
Check: LazyData
Result: NOTE
'LazyData' is specified without a 'data' directory
Flavors: r-patched-linux-x86_64, r-release-linux-x86_64, r-release-macos-arm64, r-release-macos-x86_64, r-release-windows-x86_64, r-oldrel-macos-arm64, r-oldrel-macos-x86_64, r-oldrel-windows-x86_64
Version: 1.2.4
Check: installed package size
Result: NOTE
installed size is 7.2Mb
sub-directories of 1Mb or more:
libs 6.2Mb
Flavors: r-release-macos-arm64, r-release-macos-x86_64, r-oldrel-macos-arm64, r-oldrel-macos-x86_64
These binaries (installable software) and packages are in development.
They may not be fully stable and should be used with caution. We make no claims about them.