Last updated on 2025-11-14 09:50:10 CET.
| Flavor | Version | Tinstall | Tcheck | Ttotal | Status | Flags |
|---|---|---|---|---|---|---|
| r-devel-linux-x86_64-debian-clang | 1.2.6 | 69.72 | 87.15 | 156.87 | OK | |
| r-devel-linux-x86_64-debian-gcc | 1.2.6 | 48.28 | 62.02 | 110.30 | OK | |
| r-devel-linux-x86_64-fedora-clang | 1.2.6 | 157.00 | 126.91 | 283.91 | OK | |
| r-devel-linux-x86_64-fedora-gcc | 1.2.6 | 113.00 | 150.11 | 263.11 | OK | |
| r-devel-windows-x86_64 | 1.2.6 | 83.00 | 140.00 | 223.00 | OK | |
| r-patched-linux-x86_64 | 1.2.6 | 75.64 | 83.06 | 158.70 | OK | |
| r-release-linux-x86_64 | 1.2.6 | 75.26 | 81.71 | 156.97 | OK | |
| r-release-macos-arm64 | 1.2.6 | 25.00 | 43.00 | 68.00 | OK | |
| r-release-macos-x86_64 | 1.2.6 | 32.00 | 79.00 | 111.00 | OK | |
| r-release-windows-x86_64 | 1.2.6 | 81.00 | 117.00 | 198.00 | OK | |
| r-oldrel-macos-arm64 | 1.2.6 | 23.00 | 47.00 | 70.00 | NOTE | |
| r-oldrel-macos-x86_64 | 1.2.6 | 61.00 | 188.00 | 249.00 | NOTE | |
| r-oldrel-windows-x86_64 | 1.2.6 | 98.00 | 157.00 | 255.00 | OK |
Version: 1.2.6
Check: installed package size
Result: NOTE
installed size is 7.3Mb
sub-directories of 1Mb or more:
libs 6.4Mb
Flavors: r-oldrel-macos-arm64, r-oldrel-macos-x86_64
These binaries (installable software) and packages are in development.
They may not be fully stable and should be used with caution. We make no claims about them.