Last updated on 2025-10-23 21:51:36 CEST.
Flavor | Version | Tinstall | Tcheck | Ttotal | Status | Flags |
---|---|---|---|---|---|---|
r-devel-linux-x86_64-debian-clang | 1.2 | 2.32 | 25.86 | 28.18 | OK | |
r-devel-linux-x86_64-debian-gcc | 1.2 | 1.85 | 20.43 | 22.28 | NOTE | |
r-devel-linux-x86_64-fedora-clang | 1.2 | 43.78 | OK | |||
r-devel-linux-x86_64-fedora-gcc | 1.2 | 38.60 | OK | |||
r-devel-windows-x86_64 | 1.2 | 3.00 | 52.00 | 55.00 | OK | |
r-patched-linux-x86_64 | 1.2 | 2.51 | 24.56 | 27.07 | OK | |
r-release-linux-x86_64 | 1.2 | 2.17 | 24.38 | 26.55 | OK | |
r-release-macos-arm64 | 1.2 | 1.00 | 17.00 | 18.00 | OK | |
r-release-macos-x86_64 | 1.2 | 5.00 | 58.00 | 63.00 | OK | |
r-release-windows-x86_64 | 1.2 | 4.00 | 45.00 | 49.00 | OK | |
r-oldrel-macos-arm64 | 1.2 | 2.00 | 22.00 | 24.00 | OK | |
r-oldrel-macos-x86_64 | 1.2 | 5.00 | 56.00 | 61.00 | OK | |
r-oldrel-windows-x86_64 | 1.2 | 4.00 | 53.00 | 57.00 | OK |
Version: 1.2
Check: Rd files
Result: NOTE
checkRd: (-1) pdcor-package.Rd:11-17: Only 3 columns allowed in this table (row 1 has 2)
checkRd: (-1) pdcor-package.Rd:11-17: Only 3 columns allowed in this table (row 2 has 2)
checkRd: (-1) pdcor-package.Rd:11-17: Only 3 columns allowed in this table (row 3 has 2)
checkRd: (-1) pdcor-package.Rd:11-17: Only 3 columns allowed in this table (row 4 has 2)
checkRd: (-1) pdcor-package.Rd:11-17: Only 3 columns allowed in this table (row 5 has 2)
Flavor: r-devel-linux-x86_64-debian-gcc
These binaries (installable software) and packages are in development.
They may not be fully stable and should be used with caution. We make no claims about them.