CRAN Package Check Results for Package pdfCluster

Last updated on 2025-11-13 17:50:42 CET.

Flavor Version Tinstall Tcheck Ttotal Status Flags
r-devel-linux-x86_64-debian-clang 1.0-4 7.94 53.30 61.24 NOTE
r-devel-linux-x86_64-debian-gcc 1.0-4 5.58 37.73 43.31 NOTE
r-devel-linux-x86_64-fedora-clang 1.0-4 19.00 71.56 90.56 OK
r-devel-linux-x86_64-fedora-gcc 1.0-4 15.00 67.18 82.18 OK
r-devel-windows-x86_64 1.0-4 11.00 79.00 90.00 OK
r-patched-linux-x86_64 1.0-4 8.54 50.90 59.44 OK
r-release-linux-x86_64 1.0-4 7.47 50.29 57.76 OK
r-release-macos-arm64 1.0-4 5.00 27.00 32.00 OK
r-release-macos-x86_64 1.0-4 7.00 50.00 57.00 OK
r-release-windows-x86_64 1.0-4 12.00 72.00 84.00 OK
r-oldrel-macos-arm64 1.0-4 4.00 24.00 28.00 OK
r-oldrel-macos-x86_64 1.0-4 6.00 36.00 42.00 OK
r-oldrel-windows-x86_64 1.0-4 12.00 83.00 95.00 OK

Check Details

Version: 1.0-4
Check: CRAN incoming feasibility
Result: NOTE Maintainer: ‘Menardi Giovanna <menardi@stat.unipd.it>’ Package CITATION file contains call(s) to old-style personList() or as.personList(). Please use c() on person objects instead. Package CITATION file contains call(s) to old-style citEntry(). Please use bibentry() instead. Flavors: r-devel-linux-x86_64-debian-clang, r-devel-linux-x86_64-debian-gcc

These binaries (installable software) and packages are in development.
They may not be fully stable and should be used with caution. We make no claims about them.