Last updated on 2024-07-27 15:50:28 CEST.
Flavor | Version | Tinstall | Tcheck | Ttotal | Status | Flags |
---|---|---|---|---|---|---|
r-devel-linux-x86_64-debian-clang | 0.3.0 | 4.95 | 62.34 | 67.29 | NOTE | |
r-devel-linux-x86_64-debian-gcc | 0.3.0 | NOTE | ||||
r-devel-linux-x86_64-fedora-clang | 0.3.0 | 84.32 | NOTE | |||
r-devel-linux-x86_64-fedora-gcc | 0.3.0 | 91.95 | NOTE | |||
r-devel-windows-x86_64 | 0.3.0 | 7.00 | 68.00 | 75.00 | NOTE | |
r-patched-linux-x86_64 | 0.3.0 | NOTE | ||||
r-release-linux-x86_64 | 0.3.0 | 5.21 | 58.89 | 64.10 | NOTE | |
r-release-macos-arm64 | 0.3.0 | 34.00 | NOTE | |||
r-release-macos-x86_64 | 0.3.0 | 50.00 | NOTE | |||
r-release-windows-x86_64 | 0.3.0 | 6.00 | 67.00 | 73.00 | NOTE | |
r-oldrel-macos-arm64 | 0.3.0 | 40.00 | OK | |||
r-oldrel-macos-x86_64 | 0.3.0 | 53.00 | OK | |||
r-oldrel-windows-x86_64 | 0.3.0 | 7.00 | 72.00 | 79.00 | OK |
Version: 0.3.0
Check: Rd files
Result: NOTE
checkRd: (-1) keyword_directory.Rd:48: Lost braces
48 | Default pattern is "\\p{WHITE_SPACE}{3,}" which can be interpreted as:
| ^
checkRd: (-1) keyword_directory.Rd:48: Lost braces
48 | Default pattern is "\\p{WHITE_SPACE}{3,}" which can be interpreted as:
| ^
checkRd: (-1) keyword_search.Rd:59: Lost braces
59 | Default pattern is "\\p{WHITE_SPACE}{3,}" which can be interpreted as:
| ^
checkRd: (-1) keyword_search.Rd:59: Lost braces
59 | Default pattern is "\\p{WHITE_SPACE}{3,}" which can be interpreted as:
| ^
Flavors: r-devel-linux-x86_64-debian-clang, r-devel-linux-x86_64-debian-gcc, r-devel-linux-x86_64-fedora-clang, r-devel-linux-x86_64-fedora-gcc, r-devel-windows-x86_64, r-patched-linux-x86_64, r-release-linux-x86_64, r-release-macos-arm64, r-release-macos-x86_64, r-release-windows-x86_64
Version: 0.3.0
Check: Rd cross-references
Result: NOTE
Found the following Rd file(s) with Rd \link{} targets missing package
anchors:
heading_search.Rd: pdftools
Please provide package anchors for all Rd \link{} targets not in the
package itself and the base packages.
Flavors: r-devel-linux-x86_64-debian-gcc, r-devel-windows-x86_64
These binaries (installable software) and packages are in development.
They may not be fully stable and should be used with caution. We make no claims about them.