Last updated on 2025-02-16 08:50:56 CET.
Flavor | Version | Tinstall | Tcheck | Ttotal | Status | Flags |
---|---|---|---|---|---|---|
r-devel-linux-x86_64-debian-clang | 3.4.1 | 14.74 | 29.05 | 43.79 | OK | |
r-devel-linux-x86_64-debian-gcc | 3.4.1 | 12.88 | 23.79 | 36.67 | OK | |
r-devel-linux-x86_64-fedora-clang | 3.4.1 | 79.65 | OK | |||
r-devel-linux-x86_64-fedora-gcc | 3.4.1 | 78.61 | OK | |||
r-devel-macos-arm64 | 3.4.1 | 32.00 | OK | |||
r-devel-macos-x86_64 | 3.4.1 | 64.00 | OK | |||
r-devel-windows-x86_64 | 3.4.1 | 34.00 | 108.00 | 142.00 | OK | |
r-patched-linux-x86_64 | 3.4.1 | 16.22 | 27.85 | 44.07 | OK | |
r-release-linux-x86_64 | 3.4.1 | 15.74 | 28.07 | 43.81 | OK | |
r-release-macos-arm64 | 3.4.1 | 31.00 | NOTE | |||
r-release-macos-x86_64 | 3.4.1 | 58.00 | NOTE | |||
r-release-windows-x86_64 | 3.4.1 | 33.00 | 119.00 | 152.00 | NOTE | |
r-oldrel-macos-arm64 | 3.4.1 | 33.00 | NOTE | |||
r-oldrel-macos-x86_64 | 3.4.1 | 56.00 | NOTE | |||
r-oldrel-windows-x86_64 | 3.4.1 | 47.00 | 128.00 | 175.00 | NOTE |
Version: 3.4.1
Check: installed package size
Result: NOTE
installed size is 21.2Mb
sub-directories of 1Mb or more:
libs 8.4Mb
share 12.8Mb
Flavors: r-release-macos-arm64, r-release-macos-x86_64, r-release-windows-x86_64, r-oldrel-macos-arm64, r-oldrel-macos-x86_64, r-oldrel-windows-x86_64
These binaries (installable software) and packages are in development.
They may not be fully stable and should be used with caution. We make no claims about them.