Last updated on 2025-02-21 15:51:59 CET.
Flavor | Version | Tinstall | Tcheck | Ttotal | Status | Flags |
---|---|---|---|---|---|---|
r-devel-linux-x86_64-debian-clang | 0.4.2 | 5.09 | 108.07 | 113.16 | OK | |
r-devel-linux-x86_64-debian-gcc | 0.4.2 | 3.21 | 75.32 | 78.53 | OK | |
r-devel-linux-x86_64-fedora-clang | 0.4.2 | 177.02 | OK | |||
r-devel-linux-x86_64-fedora-gcc | 0.4.2 | 179.25 | OK | |||
r-devel-macos-arm64 | 0.4.2 | 61.00 | OK | |||
r-devel-macos-x86_64 | 0.4.2 | 118.00 | OK | |||
r-devel-windows-x86_64 | 0.4.2 | 5.00 | 114.00 | 119.00 | OK | |
r-patched-linux-x86_64 | 0.4.2 | 4.33 | 98.49 | 102.82 | NOTE | |
r-release-linux-x86_64 | 0.4.2 | 4.06 | 99.53 | 103.59 | NOTE | |
r-release-macos-arm64 | 0.4.2 | 54.00 | NOTE | |||
r-release-macos-x86_64 | 0.4.2 | 154.00 | NOTE | |||
r-release-windows-x86_64 | 0.4.2 | 7.00 | 116.00 | 123.00 | NOTE | |
r-oldrel-macos-arm64 | 0.4.2 | 57.00 | NOTE | |||
r-oldrel-macos-x86_64 | 0.4.2 | 100.00 | NOTE | |||
r-oldrel-windows-x86_64 | 0.4.2 | 8.00 | 141.00 | 149.00 | NOTE |
Version: 0.4.2
Check: LazyData
Result: NOTE
'LazyData' is specified without a 'data' directory
Flavors: r-patched-linux-x86_64, r-release-linux-x86_64, r-release-macos-arm64, r-release-macos-x86_64, r-release-windows-x86_64, r-oldrel-macos-arm64, r-oldrel-macos-x86_64, r-oldrel-windows-x86_64
These binaries (installable software) and packages are in development.
They may not be fully stable and should be used with caution. We make no claims about them.