Last updated on 2025-02-16 08:50:56 CET.
Flavor | Version | Tinstall | Tcheck | Ttotal | Status | Flags |
---|---|---|---|---|---|---|
r-devel-linux-x86_64-debian-clang | 1.2.1 | 2.07 | 18.00 | 20.07 | OK | |
r-devel-linux-x86_64-debian-gcc | 1.2.1 | 1.79 | 15.25 | 17.04 | OK | |
r-devel-linux-x86_64-fedora-clang | 1.2.1 | 32.55 | NOTE | |||
r-devel-linux-x86_64-fedora-gcc | 1.2.1 | 31.18 | NOTE | |||
r-devel-macos-arm64 | 1.2.1 | 16.00 | OK | |||
r-devel-macos-x86_64 | 1.2.1 | 25.00 | OK | |||
r-devel-windows-x86_64 | 1.2.1 | 6.00 | 42.00 | 48.00 | OK | |
r-patched-linux-x86_64 | 1.2.1 | 1.94 | 17.31 | 19.25 | OK | |
r-release-linux-x86_64 | 1.2.1 | 1.59 | 17.11 | 18.70 | OK | |
r-release-macos-arm64 | 1.2.1 | 20.00 | OK | |||
r-release-macos-x86_64 | 1.2.1 | 22.00 | OK | |||
r-release-windows-x86_64 | 1.2.1 | 4.00 | 41.00 | 45.00 | OK | |
r-oldrel-macos-arm64 | 1.2.1 | 17.00 | OK | |||
r-oldrel-macos-x86_64 | 1.2.1 | 24.00 | OK | |||
r-oldrel-windows-x86_64 | 1.2.1 | 5.00 | 40.00 | 45.00 | OK |
Version: 1.2.1
Check: compiled code
Result: NOTE
File ‘pdist/libs/pdist.so’:
Found no calls to: ‘R_registerRoutines’, ‘R_useDynamicSymbols’
It is good practice to register native routines and to disable symbol
search.
See ‘Writing portable packages’ in the ‘Writing R Extensions’ manual.
Flavors: r-devel-linux-x86_64-fedora-clang, r-devel-linux-x86_64-fedora-gcc
These binaries (installable software) and packages are in development.
They may not be fully stable and should be used with caution. We make no claims about them.