Last updated on 2025-05-21 23:48:50 CEST.
Flavor | Version | Tinstall | Tcheck | Ttotal | Status | Flags |
---|---|---|---|---|---|---|
r-devel-linux-x86_64-debian-clang | 0.4.0 | 2.35 | 65.52 | 67.87 | OK | |
r-devel-linux-x86_64-debian-gcc | 0.4.0 | 1.79 | 49.81 | 51.60 | OK | |
r-devel-linux-x86_64-fedora-clang | 0.4.0 | 104.62 | OK | |||
r-devel-linux-x86_64-fedora-gcc | 0.4.0 | 118.16 | OK | |||
r-devel-windows-x86_64 | 0.4.0 | 5.00 | 88.00 | 93.00 | OK | |
r-patched-linux-x86_64 | 0.4.0 | 2.73 | 61.80 | 64.53 | OK | |
r-release-linux-x86_64 | 0.4.0 | 2.23 | 62.47 | 64.70 | OK | |
r-release-macos-arm64 | 0.4.0 | 41.00 | OK | |||
r-release-macos-x86_64 | 0.4.0 | 70.00 | OK | |||
r-release-windows-x86_64 | 0.4.0 | 4.00 | 81.00 | 85.00 | OK | |
r-oldrel-macos-arm64 | 0.4.0 | 37.00 | NOTE | |||
r-oldrel-macos-x86_64 | 0.4.0 | 61.00 | NOTE | |||
r-oldrel-windows-x86_64 | 0.4.0 | 5.00 | 89.00 | 94.00 | NOTE |
Version: 0.4.0
Check: LazyData
Result: NOTE
'LazyData' is specified without a 'data' directory
Flavors: r-oldrel-macos-arm64, r-oldrel-macos-x86_64, r-oldrel-windows-x86_64
These binaries (installable software) and packages are in development.
They may not be fully stable and should be used with caution. We make no claims about them.