Last updated on 2025-07-01 11:49:26 CEST.
Flavor | Version | Tinstall | Tcheck | Ttotal | Status | Flags |
---|---|---|---|---|---|---|
r-devel-linux-x86_64-debian-clang | 0.5.0 | 7.09 | 58.97 | 66.06 | OK | |
r-devel-linux-x86_64-debian-gcc | 0.5.0 | 4.46 | 43.62 | 48.08 | OK | |
r-devel-linux-x86_64-fedora-clang | 0.5.0 | 95.75 | NOTE | |||
r-devel-linux-x86_64-fedora-gcc | 0.5.0 | 90.09 | NOTE | |||
r-devel-windows-x86_64 | 0.5.0 | 8.00 | 87.00 | 95.00 | OK | |
r-patched-linux-x86_64 | OK | |||||
r-release-linux-x86_64 | 0.5.0 | 6.06 | 54.07 | 60.13 | OK | |
r-release-macos-arm64 | 0.5.0 | 29.00 | OK | |||
r-release-macos-x86_64 | 0.5.0 | 58.00 | OK | |||
r-release-windows-x86_64 | 0.5.0 | 8.00 | 71.00 | 79.00 | OK | |
r-oldrel-macos-arm64 | 0.5.0 | 30.00 | OK | |||
r-oldrel-macos-x86_64 | 0.5.0 | 45.00 | OK | |||
r-oldrel-windows-x86_64 | 0.5.0 | 11.00 | 86.00 | 97.00 | OK |
Version: 0.5.0
Check: dependencies in R code
Result: NOTE
Namespace in Imports field not imported from: ‘rms’
All declared Imports should be used.
Flavors: r-devel-linux-x86_64-fedora-clang, r-devel-linux-x86_64-fedora-gcc
These binaries (installable software) and packages are in development.
They may not be fully stable and should be used with caution. We make no claims about them.