Last updated on 2024-07-27 15:50:28 CEST.
Flavor | Version | Tinstall | Tcheck | Ttotal | Status | Flags |
---|---|---|---|---|---|---|
r-devel-linux-x86_64-debian-clang | 0.5.0 | 5.87 | 65.65 | 71.52 | OK | |
r-devel-linux-x86_64-debian-gcc | 0.5.0 | OK | ||||
r-devel-linux-x86_64-fedora-clang | 0.5.0 | 90.43 | NOTE | |||
r-devel-linux-x86_64-fedora-gcc | 0.5.0 | 85.73 | NOTE | |||
r-devel-windows-x86_64 | 0.5.0 | 8.00 | 67.00 | 75.00 | OK | |
r-patched-linux-x86_64 | 0.5.0 | OK | ||||
r-release-linux-x86_64 | 0.5.0 | 4.39 | 62.58 | 66.97 | OK | |
r-release-macos-arm64 | 0.5.0 | 30.00 | OK | |||
r-release-macos-x86_64 | 0.5.0 | 45.00 | OK | |||
r-release-windows-x86_64 | 0.5.0 | 8.00 | 68.00 | 76.00 | OK | |
r-oldrel-macos-arm64 | 0.5.0 | 32.00 | OK | |||
r-oldrel-macos-x86_64 | 0.5.0 | 46.00 | OK | |||
r-oldrel-windows-x86_64 | 0.5.0 | 10.00 | 80.00 | 90.00 | OK |
Version: 0.5.0
Check: dependencies in R code
Result: NOTE
Namespace in Imports field not imported from: ‘rms’
All declared Imports should be used.
Flavors: r-devel-linux-x86_64-fedora-clang, r-devel-linux-x86_64-fedora-gcc
These binaries (installable software) and packages are in development.
They may not be fully stable and should be used with caution. We make no claims about them.